000
CXUS55 KGJT 261000
CF6VEL
PRELIMINARY LOCAL CLIMATOLOGICAL DATA (WS FORM: F-6)

                                          STATION:   VERNAL UT
                                          MONTH:     APRIL
                                          YEAR:      2015
                                          LATITUDE:   40 27 N
                                          LONGITUDE: 109 31 W

  TEMPERATURE IN F:       :PCPN:    SNOW:  WIND      :SUNSHINE: SKY     :PK WND
================================================================================
1   2   3   4   5  6A  6B    7    8   9   10  11  12  13   14  15   16   17  18
                                     12Z  AVG MX 2MIN
DY MAX MIN AVG DEP HDD CDD  WTR  SNW DPTH SPD SPD DIR MIN PSBL S-S WX    SPD DR
================================================================================

 1  60  39  50   7  15   0 0.00    M    M  8.5 24 230   M    M   0        32 230
 2  47  33  40  -3  25   0    T    M    M 11.1 29  10   M    M   8 8      40  20
 3  49  20  35  -8  30   0 0.00    M    M  5.6 13 170   M    M   0        17 160
 4  61  21  41  -2  24   0 0.00    M    M  4.8 14 210   M    M   0        20 200
 5  69  30  50   6  15   0 0.00    M    M  8.7 29 180   M    M   0        36 180
 6  67  32  50   6  15   0 0.00    M    M 10.1 29 190   M    M   0        41 190
 7  64  36  50   6  15   0 0.00    M    M  8.9 26 200   M    M   2        37 190
 8  54  30  42  -2  23   0 0.04    M    M  8.1 24 210   M    M   4 18     33 220
 9  56  35  46   1  19   0    T    M    M  4.2 10 180   M    M   6        15 210
10  65  32  49   4  16   0 0.00    M    M  4.4 12  70   M    M   1        18 230
11  69  32  51   6  14   0 0.00    M    M  6.0 22 210   M    M   0        30 200
12  66  38  52   6  13   0 0.00    M    M  4.9 13 150   M    M   0        18 140
13  68  33  51   5  14   0 0.00    M    M  4.0 10 200   M    M   0        14 210
14  73  36  55   9  10   0 0.00    M    M 13.0 46 190   M    M   2        61 200
15  40  27  34 -12  31   0 0.08    M    M  8.1 18 100   M    M   8 12     23  40
16  50  30  40  -7  25   0 0.01    M    M 17.2 35  20   M    M   7 1      45  30
17  52  41  47   0  18   0    T    M    M 16.3 31  30   M    M   9        40  30
18  67  39  53   6  12   0    T    M    M  8.3 26  20   M    M   5        33  20
19  58  39  49   1  16   0 0.07    M    M  5.9 20 350   M    M   8        37 330
20  65  34  50   2  15   0    T    M    M  3.8 12 210   M    M   1        15 220
21  71  35  53   5  12   0 0.00    M    M  7.0 18 360   M    M   1        27 360
22  71  38  55   6  10   0    T    M    M  6.8 25 330   M    M   1 3      31 340
23  67  39  53   4  12   0    T    M    M  7.7 31 170   M    M   1 3      39 170
24  66  35  51   2  14   0    T    M    M  7.6 26 300   M    M   3        38 300
25  62  42  52   2  13   0 0.21    M    M  5.8 25 190   M    M   6 1      32 190
================================================================================
SM 1537  846       426   0  0.41    M    196.8          M       73
================================================================================
AV 61.5 33.8                               7.9 FASTST   M    M   3    MAX(MPH)
                                 MISC ---->  # 46 190               # 61  200
================================================================================
NOTES:
# LAST OF SEVERAL OCCURRENCES

COLUMN 17 PEAK WIND IN M.P.H.

PRELIMINARY LOCAL CLIMATOLOGICAL DATA (WS FORM: F-6) , PAGE 2

                                          STATION:  VERNAL UT
                                          MONTH:    APRIL
                                          YEAR:     2015
                                          LATITUDE:   40 27 N
                                          LONGITUDE: 109 31 W

[TEMPERATURE DATA]      [PRECIPITATION DATA]       SYMBOLS USED IN COLUMN 16

AVERAGE MONTHLY: 47.7   TOTAL FOR MONTH:   0.41    1 = FOG OR MIST
DPTR FM NORMAL:   1.7   DPTR FM NORMAL:   -0.25    2 = FOG REDUCING VISIBILITY
HIGHEST:    73 ON 14    GRTST 24HR  0.21 ON 25-25      TO 1/4 MILE OR LESS
LOWEST:     20 ON  3                               3 = THUNDER
                        SNOW, ICE PELLETS, HAIL    4 = ICE PELLETS
                        TOTAL MONTH:    M          5 = HAIL
                        GRTST 24HR    M  ON   M    6 = FREEZING RAIN OR DRIZZLE
                        GRTST DEPTH:  M  ON   M    7 = DUSTSTORM OR SANDSTORM:
                                                       VSBY 1/2 MILE OR LESS
                                                   8 = SMOKE OR HAZE
[NO. OF DAYS WITH]      [WEATHER - DAYS WITH]      9 = BLOWING SNOW
                                                   X = TORNADO
MAX 32 OR BELOW:   0    0.01 INCH OR MORE:   5
MAX 90 OR ABOVE:   0    0.10 INCH OR MORE:   1
MIN 32 OR BELOW:   9    0.50 INCH OR MORE:   0
MIN  0 OR BELOW:   0    1.00 INCH OR MORE:   0

[HDD (BASE 65) ]
TOTAL THIS MO.   426    CLEAR  (SCALE 0-3)  15
DPTR FM NORMAL   -50    PTCLDY (SCALE 4-7)   7
TOTAL FM JUL 1  5610    CLOUDY (SCALE 8-10)  3
DPTR FM NORMAL -1197

[CDD (BASE 65) ]
TOTAL THIS MO.     0
DPTR FM NORMAL     0    [PRESSURE DATA]
TOTAL FM JAN 1     0    HIGHEST SLP M ON M
DPTR FM NORMAL     0    LOWEST  SLP 29.41 ON  8

[REMARKS]
