000
CXUS54 KTSA 270840
CF6XNA
PRELIMINARY LOCAL CLIMATOLOGICAL DATA (WS FORM: F-6)

                                          STATION:   HIGHFILL ARKANSAS
                                          MONTH:     APRIL
                                          YEAR:      2015
                                          LATITUDE:   36 16 N
                                          LONGITUDE:  94 19 W

  TEMPERATURE IN F:       :PCPN:    SNOW:  WIND      :SUNSHINE: SKY     :PK WND
================================================================================
1   2   3   4   5  6A  6B    7    8   9   10  11  12  13   14  15   16   17  18
                                     12Z  AVG MX 2MIN
DY MAX MIN AVG DEP HDD CDD  WTR  SNW DPTH SPD SPD DIR MIN PSBL S-S WX    SPD DR
================================================================================

 1  77  52  65  13   0   0 0.01  0.0    0  8.5 22 180   M    M   3 1      29 170
 2  78  64  71  19   0   6 0.05  0.0    0 14.6 22 170   M    M   5 13     29 180
 3  70  41  56   4   9   0 0.03    M    0 15.5 33  20   M    M   7 1      42  20
 4  63  33  48  -5  17   0 0.00  0.0    0  5.0 13  10   M    M   0        16  10
 5  53  38  46  -7  19   0 0.15    M    0  9.3 20 160   M    M   8 1      24 160
 6  73  51  62   9   3   0    T  0.0    0 13.3 26 200   M    M   7 1      33 200
 7  80  66  73  19   0   8 0.00  0.0    0 15.2 24 200   M    M   5        32 210
 8  81  64  73  19   0   8    T  0.0    0 13.4 24 190   M    M   5        33 200
 9  80  46  63   9   2   0 0.22    M    0 16.7 30 200   M    M   2 138    42 200
10  70  37  54   0  11   0 0.00  0.0    0  4.5 13 360   M    M   0        15  10
11  70  46  58   3   7   0 0.00  0.0    0  6.4 16 160   M    M   4        20 170
12  77  48  63   8   2   0 0.00  0.0    0  9.8 20 160   M    M   4        24 150
13   M   M   M   M   M   M 0.37    M    0 11.8 17  10   M    M   8 13     21  40
14  64  50  57   1   8   0 0.10  0.0    0 10.6 23  60   M    M  10 8      28  80
15  69  52  61   5   4   0 0.27  0.0    0  3.8 10  80   M    M  10 128    13  80
16  77  53  65   9   0   0 0.00  0.0    0  3.6  7  50   M    M   5 12      M  M
17  80  56  68  11   0   3    T  0.0    0  4.6 13 120   M    M   4 3      16 120
18  72  57  65   8   0   0 0.29  0.0    0  5.8 15 280   M    M   5 13     19 260
19  70  49  60   3   5   0 0.14    M    0  9.1 24 310   M    M   5 3      34 280
20  61  43  52  -6  13   0    T    M    0 10.3 22 310   M    M   2        32 290
21  70  43  57  -1   8   0    T    M    0 10.0 22 220   M    M   3        28 220
22  64  46  55  -3  10   0 0.32    M    0  7.8 23 340   M    M   3 3      31 340
23  64  46  55  -4  10   0 0.00  0.0    0  9.2 17 110   M    M   8        23  80
24  70  51  61   2   4   0 0.24  0.0    0 11.5 21 180   M    M   6 13     27 180
25  79  57  68   9   0   3    T  0.0    0 13.8 24 270   M    M   0        30 270
26  68  54  61   1   4   0    T  0.0    0 12.1 21  70   M    M   6        26  60
================================================================================
SM 1780 1243       136  28  2.19     0.0 256.2          M      125
================================================================================
AV 71.2 49.7                               9.9 FASTST   M    M   5    MAX(MPH)
                                 MISC ---->  # 33  20               # 42   20
================================================================================
NOTES:
# LAST OF SEVERAL OCCURRENCES

COLUMN 17 PEAK WIND IN M.P.H.

PRELIMINARY LOCAL CLIMATOLOGICAL DATA (WS FORM: F-6) , PAGE 2

                                          STATION:  HIGHFILL ARKANSAS
                                          MONTH:    APRIL
                                          YEAR:     2015
                                          LATITUDE:   36 16 N
                                          LONGITUDE:  94 19 W

[TEMPERATURE DATA]      [PRECIPITATION DATA]       SYMBOLS USED IN COLUMN 16

AVERAGE MONTHLY: 60.5   TOTAL FOR MONTH:   2.19    1 = FOG OR MIST
DPTR FM NORMAL:   4.8   DPTR FM NORMAL:   -1.65    2 = FOG REDUCING VISIBILITY
HIGHEST:    81 ON  8    GRTST 24HR  0.37 ON 13-13      TO 1/4 MILE OR LESS
LOWEST:     33 ON  4                               3 = THUNDER
                        SNOW, ICE PELLETS, HAIL    4 = ICE PELLETS
                        TOTAL MONTH:   0.0 INCH    5 = HAIL
                        GRTST 24HR     0.0         6 = FREEZING RAIN OR DRIZZLE
                        GRTST DEPTH:   0           7 = DUSTSTORM OR SANDSTORM:
                                                       VSBY 1/2 MILE OR LESS
                                                   8 = SMOKE OR HAZE
[NO. OF DAYS WITH]      [WEATHER - DAYS WITH]      9 = BLOWING SNOW
                                                   X = TORNADO
MAX 32 OR BELOW:   0    0.01 INCH OR MORE:  12
MAX 90 OR ABOVE:   0    0.10 INCH OR MORE:   9
MIN 32 OR BELOW:   0    0.50 INCH OR MORE:   0
MIN  0 OR BELOW:   0    1.00 INCH OR MORE:   0

[HDD (BASE 65) ]
TOTAL THIS MO.   136    CLEAR  (SCALE 0-3)   7
DPTR FM NORMAL  -122    PTCLDY (SCALE 4-7)  17
TOTAL FM JUL 1  3972    CLOUDY (SCALE 8-10)  2
DPTR FM NORMAL  -230

[CDD (BASE 65) ]
TOTAL THIS MO.    28
DPTR FM NORMAL     7    [PRESSURE DATA]
TOTAL FM JAN 1    30    HIGHEST SLP M ON M
DPTR FM NORMAL     6    LOWEST  SLP 29.50 ON 25

[REMARKS]
