000
CXUS55 KPUB 060231 CCA
CLACOS

CLIMATE REPORT
NATIONAL WEATHER SERVICE PUEBLO
1010 AM MST SUN JAN 4 2015

...................................

...THE COLORADO SPRINGS CO CLIMATE SUMMARY FOR THE YEAR OF 2014...

CLIMATE NORMAL PERIOD 1981 TO 2010
CLIMATE RECORD PERIOD 1872 TO 2015

WEATHER         OBSERVED          NORMAL  DEPART
                 VALUE   DATE(S)  VALUE   FROM
                                          NORMAL
................................................
TEMPERATURE (F)
RECORD
 HIGH             101   06/26/2012
 LOW              -27   02/01/1951
                        12/09/1919
HIGHEST            96   06/29
LOWEST            -15   02/06
AVG. MAXIMUM     63.6              62.2     1.4
AVG. MINIMUM     35.6              35.8    -0.2
MEAN             49.6              49.0     0.6
DAYS MAX >= 90     17
DAYS MAX <= 32     25
DAYS MIN <= 32    164
DAYS MIN <= 0      12

PRECIPITATION (INCHES)
RECORD
 MAXIMUM        27.58   1999
 MINIMUM         6.07   1939

TOTALS          17.04             16.54    0.50
DAILY AVG.       0.05              0.05    0.00
DAYS >= .01        87
DAYS >= .10        35
DAYS >= .50        12
DAYS >= 1.00        1
GREATEST
 24 HR. TOTAL    2.89   10/09 TO 10/10

SNOWFALL (INCHES)
RECORDS
 MAXIMUM         96.4   1957
 MINIMUM         11.7   2012

 24 HR TOTAL     22.0   01/15/1987 TO 01/15/1987
 SNOW DEPTH        20   10/26/1997

TOTALS           38.5              37.7     0.8
SINCE 7/1        10.8              13.5    -2.7
SNOWDEPTH AVG.      0
DAYS >= TRACE      86              29.2    56.8
DAYS >= 1.0        13              11.6     1.4
GREATEST
 SNOW DEPTH         6   04/03
 24 HR TOTAL      6.0   04/03 TO 04/03

DEGREE_DAYS
HEATING TOTAL    5976              6292    -316
 SINCE 7/1       2355              2572    -217
COOLING TOTAL     487               455      32
 SINCE 1/1        487               455      32

FREEZE DATES
RECORD
 EARLIEST     09/01/1911
 LATEST       06/18/1912
EARLIEST                        10/08
LATEST                          05/09
.................................................

WIND (MPH)
AVERAGE WIND SPEED              9.5
RESULTANT WIND SPEED/DIRECTION   2/017
HIGHEST WIND SPEED/DIRECTION    52/250    DATE  03/17
HIGHEST GUST SPEED/DIRECTION    67/270    DATE  03/31

SKY COVER
POSSIBLE SUNSHINE (PERCENT)   MM
AVERAGE SKY COVER           0.50
NUMBER OF DAYS FAIR           82
NUMBER OF DAYS PC            223
NUMBER OF DAYS CLOUDY         60

AVERAGE RH (PERCENT)     51

WEATHER CONDITIONS. NUMBER OF DAYS WITH
THUNDERSTORM             66     MIXED PRECIP               4
HEAVY RAIN               17     RAIN                      30
LIGHT RAIN              111     FREEZING RAIN              0
LT FREEZING RAIN          0     HAIL                      12
HEAVY SNOW                6     SNOW                      20
LIGHT SNOW               72     SLEET                      1
FOG                      97     FOG W/VIS <= 1/4 MILE     20
HAZE                     34

-  INDICATES NEGATIVE NUMBERS.
R  INDICATES RECORD WAS SET OR TIED.
MM INDICATES DATA IS MISSING.
T  INDICATES TRACE AMOUNT.

$$
