000
CDUS41 KBTV 260552
CLI1V4


CLIMATE REPORT
NATIONAL WEATHER SERVICE BURLINGTON VT
139 AM EDT SUN APR 26 2015


...................................

...THE ST. JOHNSBURY VT CLIMATE SUMMARY FOR APRIL 25 2015...

CLIMATE NORMAL PERIOD 1981 TO 2010
CLIMATE RECORD PERIOD 1894 TO 2015


WEATHER ITEM   OBSERVED TIME   RECORD YEAR NORMAL DEPARTURE LAST
                VALUE   (LST)  VALUE       VALUE  FROM      YEAR
                                                  NORMAL
..................................................................
TEMPERATURE (F)
 YESTERDAY
  MAXIMUM         43        MM  87    2009  61    -18       60
  MINIMUM         32        MM  17    1965  36     -4       28
  AVERAGE         38                        49    -11       44

PRECIPITATION (IN)
  YESTERDAY        0.00          1.25 1934   0.10  -0.10     0.00
  MONTH TO DATE    2.39                      2.36   0.03     2.64
  SINCE MAR 1      3.76                      4.87  -1.11     5.51
  SINCE JAN 1      8.32                      9.55  -1.23    10.64

DEGREE DAYS
 HEATING
  YESTERDAY       27                        16     11       21
  MONTH TO DATE  615                       542     73      578
  SINCE MAR 1   1889                      1618    271     1999
  SINCE JUL 1   7954                      7342    612     8031

 COOLING
  YESTERDAY        0                         0      0        0
  MONTH TO DATE    0                         0      0        0
  SINCE MAR 1      0                         0      0        0
  SINCE JAN 1      0                         0      0        0
..................................................................


WIND (MPH)
  HIGHEST WIND SPEED    MM   HIGHEST WIND DIRECTION    MM
  HIGHEST GUST SPEED    MM   HIGHEST GUST DIRECTION    MM
  AVERAGE WIND SPEED    MM


SKY COVER
  AVERAGE SKY COVER 0.0


WEATHER CONDITIONS
 THE FOLLOWING WEATHER WAS RECORDED YESTERDAY.
  NO SIGNIFICANT WEATHER WAS OBSERVED.


RELATIVE HUMIDITY (PERCENT)
 HIGHEST    79          1000 PM
 LOWEST     53           200 PM
 AVERAGE    66

..........................................................


THE ST. JOHNSBURY VT CLIMATE NORMALS FOR TODAY
                         NORMAL    RECORD    YEAR
 MAXIMUM TEMPERATURE (F)   62        81      1915
 MINIMUM TEMPERATURE (F)   37        19      1919


SUNRISE AND SUNSET
APRIL 26 2015.........SUNRISE   547 AM EDT   SUNSET   746 PM EDT
APRIL 27 2015.........SUNRISE   545 AM EDT   SUNSET   747 PM EDT


-  INDICATES NEGATIVE NUMBERS.
R  INDICATES RECORD WAS SET OR TIED.
MM INDICATES DATA IS MISSING.
T  INDICATES TRACE AMOUNT.




$$
