000
CDUS46 KMFR 260858
CLIAAT


CLIMATE REPORT
NATIONAL WEATHER SERVICE MEDFORD, OR
158 AM PDT SUN APR 26 2015


...................................

...THE ALTURAS CA CLIMATE SUMMARY FOR APRIL 25 2015...

CLIMATE NORMAL PERIOD 1981 TO 2010
CLIMATE RECORD PERIOD 1905 TO 2015


WEATHER ITEM   OBSERVED TIME   RECORD YEAR NORMAL DEPARTURE LAST
                VALUE   (LST)  VALUE       VALUE  FROM      YEAR
                                                  NORMAL
..................................................................
TEMPERATURE (F)
 YESTERDAY
  MAXIMUM         53    446 PM  84    1946  61     -8       46
  MINIMUM         31   1154 PM  15    1960  31      0       32
  AVERAGE         42                        46     -4       39

PRECIPITATION (IN)
  YESTERDAY        0.07          0.29 1975   0.05   0.02     0.13
                                      1975
                                      2012
  MONTH TO DATE    0.55                      1.28  -0.73     0.52
  SINCE OCT 1      6.72                     10.41  -3.69     4.91
  SINCE JAN 1      2.21                      5.90  -3.69     4.28

SNOWFALL (IN)
  YESTERDAY       MM                        MM     MM       MM
  MONTH TO DATE   MM                        MM     MM       MM
  SINCE JUL 1     MM                        MM     MM        0.0
  SNOW DEPTH      MM

DEGREE DAYS
 HEATING
  YESTERDAY       23                        19      4       26
  MONTH TO DATE  554                       560     -6      449
  SINCE MAR 1   1166                      1385   -219     1193
  SINCE JUL 1   4793                      6252  -1459     5958

 COOLING
  YESTERDAY        0                         0      0        0
  MONTH TO DATE    0                         0      0        0
  SINCE MAR 1      0                         0      0        0
  SINCE JAN 1      0                         0      0        0
..................................................................


WIND (MPH)
  HIGHEST WIND SPEED    21   HIGHEST WIND DIRECTION     W (290)
  HIGHEST GUST SPEED    31   HIGHEST GUST DIRECTION    NW (330)
  AVERAGE WIND SPEED     6.8


SKY COVER
  POSSIBLE SUNSHINE  MM
  AVERAGE SKY COVER 0.7


WEATHER CONDITIONS
 THE FOLLOWING WEATHER WAS RECORDED YESTERDAY.
  LIGHT RAIN
  LIGHT SNOW
  FOG


RELATIVE HUMIDITY (PERCENT)
 HIGHEST   100          1200 AM
 LOWEST     30           500 PM
 AVERAGE    65

..........................................................


THE ALTURAS CA CLIMATE NORMALS FOR TODAY
                         NORMAL    RECORD    YEAR
 MAXIMUM TEMPERATURE (F)   61        83      1987
 MINIMUM TEMPERATURE (F)   31        17      1985


SUNRISE AND SUNSET
APRIL 26 2015.........SUNRISE   606 AM PDT   SUNSET   754 PM PDT
APRIL 27 2015.........SUNRISE   605 AM PDT   SUNSET   756 PM PDT


-  INDICATES NEGATIVE NUMBERS.
R  INDICATES RECORD WAS SET OR TIED.
MM INDICATES DATA IS MISSING.
T  INDICATES TRACE AMOUNT.




$$
