000
CDUS44 KSJT 060653
CLIABI


CLIMATE REPORT
NATIONAL WEATHER SERVICE SAN ANGELO TX
152 AM CDT WED MAY 6 2015


...................................

...THE ABILENE CLIMATE SUMMARY FOR MAY 5 2015...

CLIMATE NORMAL PERIOD 1981 TO 2010
CLIMATE RECORD PERIOD 1886 TO 2015


WEATHER ITEM   OBSERVED TIME   RECORD YEAR NORMAL DEPARTURE LAST
                VALUE   (LST)  VALUE       VALUE  FROM      YEAR
                                                  NORMAL
..................................................................
TEMPERATURE (F)
 YESTERDAY
  MAXIMUM         74    538 PM 104    2014  82     -8      104
  MINIMUM         65    437 AM  41    1979  58      7       68
  AVERAGE         70                        70      0       86

PRECIPITATION (IN)
  YESTERDAY        T             1.97 1963   0.09  -0.09     0.00
  MONTH TO DATE    T                         0.43  -0.43     0.00
  SINCE MAR 1      3.78                      3.81  -0.03     1.28
  SINCE JAN 1      7.29                      6.19   1.10     1.77

DEGREE DAYS
 HEATING
  YESTERDAY        0                         1     -1        0
  MONTH TO DATE    0                         5     -5        8
  SINCE MAR 1    389                       414    -25      443
  SINCE JUL 1   2466                      2547    -81     2805

 COOLING
  YESTERDAY        5                         6     -1       21
  MONTH TO DATE   26                        29     -3       45
  SINCE MAR 1    193                       157     36      240
  SINCE JAN 1    197                       162     35      245
..................................................................


WIND (MPH)
  HIGHEST WIND SPEED    32   HIGHEST WIND DIRECTION    SE (150)
  HIGHEST GUST SPEED    40   HIGHEST GUST DIRECTION     S (160)
  AVERAGE WIND SPEED    18.3


SKY COVER
  POSSIBLE SUNSHINE  MM
  AVERAGE SKY COVER 0.7


WEATHER CONDITIONS
 THE FOLLOWING WEATHER WAS RECORDED YESTERDAY.
  LIGHT RAIN


RELATIVE HUMIDITY (PERCENT)
 HIGHEST    78           400 AM
 LOWEST     64          1100 AM
 AVERAGE    71

..........................................................


THE ABILENE CLIMATE NORMALS FOR TODAY
                         NORMAL    RECORD    YEAR
 MAXIMUM TEMPERATURE (F)   82       106      2000
 MINIMUM TEMPERATURE (F)   58        41      1999


SUNRISE AND SUNSET
MAY  6 2015...........SUNRISE   648 AM CDT   SUNSET   823 PM CDT
MAY  7 2015...........SUNRISE   647 AM CDT   SUNSET   824 PM CDT


-  INDICATES NEGATIVE NUMBERS.
R  INDICATES RECORD WAS SET OR TIED.
MM INDICATES DATA IS MISSING.
T  INDICATES TRACE AMOUNT.




$$
