000
CDUS42 KFFC 210817
CLIAHN


CLIMATE REPORT
NATIONAL WEATHER SERVICE PEACHTREE CITY GA
417 AM EDT TUE APR 21 2015


...................................

...THE ATHENS CLIMATE SUMMARY FOR APRIL 20 2015...

CLIMATE NORMAL PERIOD 1981 TO 2010
CLIMATE RECORD PERIOD 1898 TO 2015


WEATHER ITEM   OBSERVED TIME   RECORD YEAR NORMAL DEPARTURE LAST
                VALUE   (LST)  VALUE       VALUE  FROM      YEAR
                                                  NORMAL
..................................................................
TEMPERATURE (F)
 YESTERDAY
  MAXIMUM         76    331 PM  94    1925  75      1       74
  MINIMUM         59   1159 PM  29    1983  50      9       47
  AVERAGE         68                        63      5       61

PRECIPITATION (IN)
  YESTERDAY        0.24          1.88 1893   0.10   0.14      T
  MONTH TO DATE    6.79                      2.12   4.67     3.94
  SINCE MAR 1      9.58                      6.55   3.03     7.31
  SINCE JAN 1     16.55                     15.08   1.47    15.95

SNOWFALL (IN)
  YESTERDAY        0.0           0.0  2002   0.0    0.0      0.0
                                      2001
                                      2000
  MONTH TO DATE    0.0                       0.1   -0.1      0.0
  SINCE MAR 1      0.0                       0.9   -0.9      0.0
  SINCE JUL 1      T                         3.0   -3.0      2.8
  SNOW DEPTH       0

DEGREE DAYS
 HEATING
  YESTERDAY        0                         4     -4        4
  MONTH TO DATE   36                       115    -79      119
  SINCE MAR 1    289                       455   -166      528
  SINCE JUL 1   2795                      2710     85     2990

 COOLING
  YESTERDAY        3                         2      1        0
  MONTH TO DATE   64                        24     40       21
  SINCE MAR 1     71                        34     37       21
  SINCE JAN 1     71                        35     36       22
..................................................................


WIND (MPH)
  RESULTANT WIND SPEED   5   RESULTANT WIND DIRECTION  SW (220)
  HIGHEST WIND SPEED    23   HIGHEST WIND DIRECTION     S (170)
  HIGHEST GUST SPEED    34   HIGHEST GUST DIRECTION    SW (210)
  AVERAGE WIND SPEED     7.5


SKY COVER
  POSSIBLE SUNSHINE  MM
  AVERAGE SKY COVER 0.4


WEATHER CONDITIONS
 THE FOLLOWING WEATHER WAS RECORDED YESTERDAY.
  HEAVY RAIN
  RAIN
  LIGHT RAIN
  FOG


RELATIVE HUMIDITY (PERCENT)
 HIGHEST   100           200 AM
 LOWEST     64           200 PM
 AVERAGE    82

..........................................................


THE ATHENS CLIMATE NORMALS FOR TODAY
                         NORMAL    RECORD    YEAR
 MAXIMUM TEMPERATURE (F)   75        88      2002
                                             1985
                                             1919
 MINIMUM TEMPERATURE (F)   51        31      1953


SUNRISE AND SUNSET
APRIL 21 2015.........SUNRISE   655 AM EDT   SUNSET   809 PM EDT
APRIL 22 2015.........SUNRISE   654 AM EDT   SUNSET   810 PM EDT


-  INDICATES NEGATIVE NUMBERS.
R  INDICATES RECORD WAS SET OR TIED.
MM INDICATES DATA IS MISSING.
T  INDICATES TRACE AMOUNT.




$$
