000
CDUS45 KCYS 260732
CLIAIA


CLIMATE REPORT
NATIONAL WEATHER SERVICE CHEYENNE WY
131 AM MDT SUN APR 26 2015


...................................

...THE ALLIANCE NE AIRPORT CLIMATE SUMMARY FOR APRIL 25 2015...

CLIMATE NORMAL PERIOD 1981 TO 2010
CLIMATE RECORD PERIOD 1896 TO 2015


WEATHER ITEM   OBSERVED TIME   RECORD YEAR NORMAL DEPARTURE LAST
                VALUE   (LST)  VALUE       VALUE  FROM      YEAR
                                                  NORMAL
..................................................................
TEMPERATURE (F)
 YESTERDAY
  MAXIMUM         69    216 PM  87    1962  63      6       74
  MINIMUM         35    544 AM  11    2002  32      3       35
  AVERAGE         52                        48      4       55

PRECIPITATION (IN)
  YESTERDAY        0.10          1.55 1948   0.05   0.05     0.00
  MONTH TO DATE    2.29                      1.19   1.10     0.06
  SINCE JAN 1      3.27                      2.60   0.67     1.80

DEGREE DAYS
 HEATING
  YESTERDAY       13                        18     -5       10
  MONTH TO DATE  484                       520    -36      495
  SINCE MAR 1   1204                      1402   -198     1412
  SINCE JUL 1   6431                      6806   -375     6976

 COOLING
  YESTERDAY        0                         0      0        0
  MONTH TO DATE    0                         0      0        0
  SINCE MAR 1      0                         0      0        0
  SINCE JAN 1      0                         0      0        0
..................................................................


WIND (MPH)
  HIGHEST WIND SPEED    23   HIGHEST WIND DIRECTION    SE (130)
  HIGHEST GUST SPEED    29   HIGHEST GUST DIRECTION    SE (130)
  AVERAGE WIND SPEED     8.7


SKY COVER
  AVERAGE SKY COVER 0.3


WEATHER CONDITIONS
 THE FOLLOWING WEATHER WAS RECORDED YESTERDAY.
  THUNDERSTORM
  LIGHT RAIN
  FOG


RELATIVE HUMIDITY (PERCENT)
 HIGHEST    93          1200 AM
 LOWEST     39           100 PM
 AVERAGE    66

..........................................................


THE ALLIANCE NE AIRPORT CLIMATE NORMALS FOR TODAY
                         NORMAL    RECORD    YEAR
 MAXIMUM TEMPERATURE (F)   63        86      1981
 MINIMUM TEMPERATURE (F)   32        19      1932


SUNRISE AND SUNSET
APRIL 26 2015.........SUNRISE   554 AM MDT   SUNSET   744 PM MDT
APRIL 27 2015.........SUNRISE   553 AM MDT   SUNSET   745 PM MDT


-  INDICATES NEGATIVE NUMBERS.
R  INDICATES RECORD WAS SET OR TIED.
MM INDICATES DATA IS MISSING.
T  INDICATES TRACE AMOUNT.




$$
