000
CDUS44 KAMA 032131
CLIAMA


CLIMATE REPORT
NATIONAL WEATHER SERVICE AMARILLO TX
430 PM CDT SUN MAY 3 2015


...................................

...THE AMARILLO CLIMATE SUMMARY FOR MAY 3 2015...
VALID TODAY AS OF 0400 PM LOCAL TIME.

CLIMATE NORMAL PERIOD 1981 TO 2010
CLIMATE RECORD PERIOD 1892 TO 2015


WEATHER ITEM   OBSERVED TIME   RECORD YEAR NORMAL DEPARTURE LAST
                VALUE   (LST)  VALUE       VALUE  FROM      YEAR
                                                  NORMAL
..................................................................
TEMPERATURE (F)
 TODAY
  MAXIMUM         85    249 PM  96    1996  76      9       93
                                      1940
  MINIMUM         56    631 AM  26    1907  48      8       48
  AVERAGE         71                        62      9       71

PRECIPITATION (IN)
  TODAY            0.00          1.03 1941   0.05  -0.05     0.00
  MONTH TO DATE    0.00                      0.15  -0.15     0.00
  SINCE MAR 1      3.18                      2.94   0.24     0.77
  SINCE JAN 1      5.26                      4.22   1.04     1.16

SNOWFALL (IN)
  TODAY            0.0           0.5  1978   0.1   -0.1      0.0
  MONTH TO DATE    0.0                       0.1   -0.1      0.0
  SINCE MAR 1      0.1                       3.7   -3.6      0.7
  SINCE JUL 1     23.9                      17.7    6.2     12.8
  SNOW DEPTH       0

DEGREE DAYS
 HEATING
  TODAY            0                         5     -5        0
  MONTH TO DATE    1                        15    -14       20
  SINCE MAR 1    629                       826   -197      825
  SINCE JUL 1   3754                      4103   -349     4178

 COOLING
  TODAY            6                         2      4        6
  MONTH TO DATE   11                         4      7        6
  SINCE MAR 1     33                        25      8       37
  SINCE JAN 1     33                        25      8       37
..................................................................


WIND (MPH)
  RESULTANT WIND SPEED  12   RESULTANT WIND DIRECTION   S (190)
  HIGHEST WIND SPEED    29   HIGHEST WIND DIRECTION     S (170)
  HIGHEST GUST SPEED    36   HIGHEST GUST DIRECTION     S (180)
  AVERAGE WIND SPEED    14.2


SKY COVER
  AVERAGE SKY COVER 0.0


WEATHER CONDITIONS
 THE FOLLOWING WEATHER WAS RECORDED TODAY.
  NO SIGNIFICANT WEATHER WAS OBSERVED.


RELATIVE HUMIDITY (PERCENT)
 HIGHEST    67           700 AM
 LOWEST     28           100 PM
 AVERAGE    48

..........................................................


THE AMARILLO CLIMATE NORMALS FOR TOMORROW
                         NORMAL    RECORD    YEAR
 MAXIMUM TEMPERATURE (F)   76        97      2014
 MINIMUM TEMPERATURE (F)   48        26      1907


SUNRISE AND SUNSET
MAY  3 2015...........SUNRISE   654 AM CDT   SUNSET   834 PM CDT
MAY  4 2015...........SUNRISE   653 AM CDT   SUNSET   835 PM CDT


-  INDICATES NEGATIVE NUMBERS.
R  INDICATES RECORD WAS SET OR TIED.
MM INDICATES DATA IS MISSING.
T  INDICATES TRACE AMOUNT.




$$
