000
CDUS44 KBMX 270720
CLIANB


CLIMATE REPORT
NATIONAL WEATHER SERVICE BIRMINGHAM, AL
219 AM CDT MON APR 27 2015


...................................

...THE ANNISTON CLIMATE SUMMARY FOR APRIL 26 2015...

CLIMATE NORMAL PERIOD 1981 TO 2010
CLIMATE RECORD PERIOD 1903 TO 2015


WEATHER ITEM   OBSERVED TIME   RECORD YEAR NORMAL DEPARTURE LAST
                VALUE   (LST)  VALUE       VALUE  FROM      YEAR
                                                  NORMAL
..................................................................
TEMPERATURE (F)
 YESTERDAY
  MAXIMUM         82    336 PM  90    1986  76      6       85
  MINIMUM         55   1159 PM  37    2013  52      3       52
  AVERAGE         69                        64      5       69

PRECIPITATION (IN)
  YESTERDAY        0.00          1.37 1944   0.14  -0.14     0.00
  MONTH TO DATE    8.06                      3.57   4.49     6.18
  SINCE MAR 1     13.64                      8.53   5.11    11.59
  SINCE JAN 1     21.80                     18.13   3.67    18.75

SNOWFALL (IN)
  YESTERDAY        0.0                       0.0             0.0
  MONTH TO DATE    0.0                       0.2             0.0
  SINCE MAR 1      T                         0.9             0.0
  SINCE JUL 1      T                         2.0             2.3

DEGREE DAYS
 HEATING
  YESTERDAY        0
  MONTH TO DATE   45
  SINCE MAR 1    291
  SINCE JUL 1   2812
..................................................................


WIND (MPH)
  HIGHEST WIND SPEED    20   HIGHEST WIND DIRECTION     N (360)
  HIGHEST GUST SPEED    25   HIGHEST GUST DIRECTION     N (360)
  AVERAGE WIND SPEED     8.8


SKY COVER
  AVERAGE SKY COVER 0.3


WEATHER CONDITIONS
 THE FOLLOWING WEATHER WAS RECORDED YESTERDAY.
  NO SIGNIFICANT WEATHER WAS OBSERVED.


RELATIVE HUMIDITY (PERCENT)
 HIGHEST   100
 LOWEST     45
 AVERAGE    73

..........................................................


THE ANNISTON CLIMATE NORMALS FOR TODAY
                         NORMAL    RECORD    YEAR
 MAXIMUM TEMPERATURE (F)   77        90      1986
 MINIMUM TEMPERATURE (F)   53        38      1977


SUNRISE AND SUNSET
APRIL 27 2015.........SUNRISE   559 AM CDT   SUNSET   723 PM CDT
APRIL 28 2015.........SUNRISE   558 AM CDT   SUNSET   724 PM CDT


-  INDICATES NEGATIVE NUMBERS.
R  INDICATES RECORD WAS SET OR TIED.
MM INDICATES DATA IS MISSING.
T  INDICATES TRACE AMOUNT.




$$
