000
CDUS43 KAPX 180538
CLIANJ


CLIMATE REPORT
NATIONAL WEATHER SERVICE GAYLORD MI
137 AM EDT SAT APR 18 2015


...................................

...THE SAULT STE MARIE MI CLIMATE SUMMARY FOR APRIL 17 2015...

CLIMATE NORMAL PERIOD 1981 TO 2010
CLIMATE RECORD PERIOD 1888 TO 2015


WEATHER ITEM   OBSERVED TIME   RECORD YEAR NORMAL DEPARTURE LAST
                VALUE   (LST)  VALUE       VALUE  FROM      YEAR
                                                  NORMAL
..................................................................
TEMPERATURE (F)
 YESTERDAY
  MAXIMUM         57    437 PM  76    2002  50      7       38
  MINIMUM         37   1159 PM  17    1990  32      5       28
                                      1983
                                      1923
  AVERAGE         47                        41      6       33

PRECIPITATION (IN)
  YESTERDAY        0.00          0.84 1922   0.08  -0.08     0.27
  MONTH TO DATE    1.02                      1.41  -0.39     2.04
  SINCE MAR 1      2.44                      3.36  -0.92     3.75
  SINCE JAN 1      5.81                      6.89  -1.08     7.11

SNOWFALL (IN)
  YESTERDAY        0.0           3.1  2011   0.2   -0.2      2.3
  MONTH TO DATE    1.7                       4.9   -3.2     10.3
  SINCE OCT 1    167.5                     118.5   49.0    134.6
  SINCE JUL 1    167.5                     118.5   49.0    134.6
  SNOW DEPTH       2

DEGREE DAYS
 HEATING
  YESTERDAY       18                        24     -6       32
  MONTH TO DATE  469                       472     -3      554
  SINCE MAR 1   1793                      1672    121     2052
  SINCE JUL 1   8572                      7798    774     8832

 COOLING
  YESTERDAY        0                         0      0        0
  MONTH TO DATE    0                         0      0        0
  SINCE MAR 1      0                         0      0        0
  SINCE JAN 1      0                         0      0        0
..................................................................


WIND (MPH)
  HIGHEST WIND SPEED    15   HIGHEST WIND DIRECTION     W (290)
  HIGHEST GUST SPEED    20   HIGHEST GUST DIRECTION     W (260)
  AVERAGE WIND SPEED     6.0




RELATIVE HUMIDITY (PERCENT)
 HIGHEST    86
 LOWEST     27
 AVERAGE    57

..........................................................


THE SAULT STE MARIE MI CLIMATE NORMALS FOR TODAY
                         NORMAL    RECORD    YEAR
 MAXIMUM TEMPERATURE (F)   51        83      1976
 MINIMUM TEMPERATURE (F)   32        15      1983


SUNRISE AND SUNSET
APRIL 18 2015.........SUNRISE   646 AM EDT   SUNSET   829 PM EDT
APRIL 19 2015.........SUNRISE   644 AM EDT   SUNSET   830 PM EDT


-  INDICATES NEGATIVE NUMBERS.
R  INDICATES RECORD WAS SET OR TIED.
MM INDICATES DATA IS MISSING.
T  INDICATES TRACE AMOUNT.




$$
