000
CDUS44 KLCH 262205
CLIARA


CLIMATE REPORT
NATIONAL WEATHER SERVICE LAKE CHARLES, LA
505 PM CDT SUN APR 26 2015


...................................

...THE NEW IBERIA CLIMATE SUMMARY FOR APRIL 26 2015...
VALID TODAY AS OF 0500 PM LOCAL TIME.

CLIMATE NORMAL PERIOD 1981 TO 2010
CLIMATE RECORD PERIOD 1948 TO 2015


WEATHER ITEM   OBSERVED TIME   RECORD YEAR NORMAL DEPARTURE LAST
                VALUE   (LST)  VALUE       VALUE  FROM      YEAR
                                                  NORMAL
..................................................................
TEMPERATURE (F)
 TODAY
  MAXIMUM         88    311 PM  90    1999  82      6       85
  MINIMUM         66    201 AM  48    1977  60      6       68
  AVERAGE         77                        71      6       77

PRECIPITATION (IN)
  TODAY            0.00          2.60 1991   0.10  -0.10      T
  MONTH TO DATE    8.66                      3.64   5.02     2.24
  SINCE MAR 1     12.54                      7.41   5.13     3.75
  SINCE JAN 1     19.00                     16.82   2.18    12.09

SNOWFALL (IN)
  TODAY            0.0           0.0    MM  MM               0.0
  MONTH TO DATE    0.0                      MM               0.0
  SINCE MAR 1      T                        MM               0.0
  SINCE JUL 1      T                        MM               0.1

DEGREE DAYS
 HEATING
  TODAY            0                         0      0        0
  MONTH TO DATE    0                        43    -43       43
  SINCE MAR 1     72                       191   -119      256
  SINCE JUL 1   1415                      1407      8     1780

 COOLING
  TODAY           12                         6      6       12
  MONTH TO DATE  204                       109     95      111
  SINCE MAR 1    296                       161    135      134
  SINCE JAN 1    300                       192    108      152
..................................................................


WIND (MPH)
  RESULTANT WIND SPEED   1   RESULTANT WIND DIRECTION  SE (120)
  HIGHEST WIND SPEED    14   HIGHEST WIND DIRECTION    SE (150)
  HIGHEST GUST SPEED    19   HIGHEST GUST DIRECTION    SW (210)
  AVERAGE WIND SPEED     3.1


SKY COVER
  POSSIBLE SUNSHINE  MM
  AVERAGE SKY COVER 0.5


WEATHER CONDITIONS
 THE FOLLOWING WEATHER WAS RECORDED TODAY.
  FOG
  FOG W/VISIBILITY <= 1/4 MILE


RELATIVE HUMIDITY (PERCENT)
 HIGHEST   100           500 AM
 LOWEST     55           300 PM
 AVERAGE    78

..........................................................


THE NEW IBERIA CLIMATE NORMALS FOR TOMORROW
                         NORMAL    RECORD    YEAR
 MAXIMUM TEMPERATURE (F)   82        89      1987
                                             1963
                                             1948
 MINIMUM TEMPERATURE (F)   60        48      1992
                                             1978
                                             1952


SUNRISE AND SUNSET
APRIL 26 2015.........SUNRISE   629 AM CDT   SUNSET   742 PM CDT
APRIL 27 2015.........SUNRISE   629 AM CDT   SUNSET   742 PM CDT


-  INDICATES NEGATIVE NUMBERS.
R  INDICATES RECORD WAS SET OR TIED.
MM INDICATES DATA IS MISSING.
T  INDICATES TRACE AMOUNT.




$$
