000
CDUS44 KEWX 172302
CLIATT


CLIMATE REPORT
NATIONAL WEATHER SERVICE AUSTIN/SAN ANTONIO, TX
602 PM CDT FRI APR 17 2015


...................................

...THE AUSTIN CAMP MABRY CLIMATE SUMMARY FOR APRIL 17 2015...
VALID TODAY AS OF 600 PM LOCAL TIME.

CLIMATE NORMAL PERIOD 1981 TO 2010
CLIMATE RECORD PERIOD 1897 TO 2015


WEATHER ITEM   OBSERVED TIME   RECORD YEAR NORMAL DEPARTURE LAST
                VALUE   (LST)  VALUE       VALUE  FROM      YEAR
                                                  NORMAL
..................................................................
TEMPERATURE (F)
 TODAY
  MAXIMUM         75    124 PM  99    2006  80     -5       67
  MINIMUM         67    721 AM  37    1926  59      8       56
  AVERAGE         71                        70      1       62

PRECIPITATION (IN)
  TODAY            0.28          1.50 1898   0.07   0.21     0.06
  MONTH TO DATE    0.50                      1.06  -0.56     1.87
  SINCE MAR 1      5.33                      3.82   1.51     3.14
  SINCE JAN 1     10.85                      8.06   2.79     3.97

SNOWFALL (IN)
  TODAY            0.0
  MONTH TO DATE    0.0
  SINCE MAR 1      T
  SINCE JUL 1      T
  SNOW DEPTH       0

DEGREE DAYS
 HEATING
  TODAY            0                         1     -1        3
  MONTH TO DATE    3                        31    -28       49
  SINCE MAR 1    206                       193     13      275
  SINCE JUL 1   1689                      1530    159     1771

 COOLING
  TODAY            6                         6      0        0
  MONTH TO DATE  121                        76     45       67
  SINCE MAR 1    183                       137     46      110
  SINCE JAN 1    194                       164     30      151
..................................................................


WIND (MPH)
  HIGHEST WIND SPEED    12   HIGHEST WIND DIRECTION    SE (140)
  HIGHEST GUST SPEED    17   HIGHEST GUST DIRECTION    SE (140)
  AVERAGE WIND SPEED     4.9


SKY COVER
  AVERAGE SKY COVER 1.0


WEATHER CONDITIONS
 THE FOLLOWING WEATHER WAS RECORDED TODAY.
  THUNDERSTORM
  LIGHT RAIN


RELATIVE HUMIDITY (PERCENT)
 HIGHEST    93           100 AM
 LOWEST     69           100 PM
 AVERAGE    81

..........................................................


THE AUSTIN CAMP MABRY CLIMATE NORMALS FOR TOMORROW
                         NORMAL    RECORD    YEAR
 MAXIMUM TEMPERATURE (F)   80        98      2006
                                             1925
 MINIMUM TEMPERATURE (F)   59        36      1901


SUNRISE AND SUNSET
APRIL 17 2015.........SUNRISE   702 AM CDT   SUNSET   759 PM CDT
APRIL 18 2015.........SUNRISE   701 AM CDT   SUNSET   800 PM CDT


-  INDICATES NEGATIVE NUMBERS.
R  INDICATES RECORD WAS SET OR TIED.
MM INDICATES DATA IS MISSING.
T  INDICATES TRACE AMOUNT.




$$
