000
CDUS44 KEWX 172302
CLIAUS


CLIMATE REPORT
NATIONAL WEATHER SERVICE AUSTIN/SAN ANTONIO, TX
602 PM CDT FRI APR 17 2015


...................................

...THE AUSTIN BERGSTROM CLIMATE SUMMARY FOR APRIL 17 2015...
VALID TODAY AS OF 600 PM LOCAL TIME.

CLIMATE NORMAL PERIOD 1981 TO 2010
CLIMATE RECORD PERIOD 1943 TO 2015


WEATHER ITEM   OBSERVED TIME   RECORD YEAR NORMAL DEPARTURE LAST
                VALUE   (LST)  VALUE       VALUE  FROM      YEAR
                                                  NORMAL
..................................................................
TEMPERATURE (F)
 TODAY
  MAXIMUM         74    144 PM 100    2006  80     -6       68
  MINIMUM         65    637 AM  31    1999  55     10       53
  AVERAGE         70                        68      2       61

PRECIPITATION (IN)
  TODAY            0.28          1.44 1992   0.07   0.21     0.07
  MONTH TO DATE    0.67                      1.12  -0.45     1.65
  SINCE MAR 1      4.71                      3.90   0.81     2.84
  SINCE JAN 1     10.45                      8.41   2.04     3.93

SNOWFALL (IN)
  TODAY            0.0
  MONTH TO DATE    0.0
  SINCE MAR 1      0.0
  SINCE JUL 1      T
  SNOW DEPTH       0

DEGREE DAYS
 HEATING
  TODAY            0                         2     -2        4
  MONTH TO DATE    8                        49    -41       70
  SINCE MAR 1    248                       271    -23      350
  SINCE JUL 1   1962                      1886     76     2167

 COOLING
  TODAY            5                         4      1        0
  MONTH TO DATE   98                        59     39       62
  SINCE MAR 1    136                       101     35       94
  SINCE JAN 1    138                       117     21      111
..................................................................


WIND (MPH)
  HIGHEST WIND SPEED    16   HIGHEST WIND DIRECTION    SE (140)
  HIGHEST GUST SPEED    20   HIGHEST GUST DIRECTION    SE (120)
  AVERAGE WIND SPEED     8.9


SKY COVER
  AVERAGE SKY COVER 0.9


WEATHER CONDITIONS
 THE FOLLOWING WEATHER WAS RECORDED TODAY.
  THUNDERSTORM
  LIGHT RAIN
  FOG


RELATIVE HUMIDITY (PERCENT)
 HIGHEST    93           200 AM
 LOWEST     73          1100 AM
 AVERAGE    83

..........................................................


THE AUSTIN BERGSTROM CLIMATE NORMALS FOR TOMORROW
                         NORMAL    RECORD    YEAR
 MAXIMUM TEMPERATURE (F)   80        99      2006
 MINIMUM TEMPERATURE (F)   55        35      1999


SUNRISE AND SUNSET
APRIL 17 2015.........SUNRISE   702 AM CDT   SUNSET   759 PM CDT
APRIL 18 2015.........SUNRISE   701 AM CDT   SUNSET   800 PM CDT


-  INDICATES NEGATIVE NUMBERS.
R  INDICATES RECORD WAS SET OR TIED.
MM INDICATES DATA IS MISSING.
T  INDICATES TRACE AMOUNT.




$$
