000
CDUS41 KBGM 210608
CLIAVP


CLIMATE REPORT
NATIONAL WEATHER SERVICE BINGHAMTON NY
206 AM EDT TUE APR 21 2015


...................................

...THE AVOCA PA CLIMATE SUMMARY FOR APRIL 20 2015...

CLIMATE NORMAL PERIOD 1981 TO 2010
CLIMATE RECORD PERIOD 1901 TO 2015


WEATHER ITEM   OBSERVED TIME   RECORD YEAR NORMAL DEPARTURE LAST
                VALUE   (LST)  VALUE       VALUE  FROM      YEAR
                                                  NORMAL
..................................................................
TEMPERATURE (F)
 YESTERDAY
  MAXIMUM         65    329 PM  91    1941  61      4       67
  MINIMUM         44    109 AM  22    1904  40      4       36
  AVERAGE         55                        50      5       52

PRECIPITATION (IN)
  YESTERDAY        1.24R         1.08 1950   0.11   1.13     0.00
  MONTH TO DATE    2.52                      2.21   0.31     1.88
  SINCE MAR 1      4.48                      4.76  -0.28     3.95
  SINCE JAN 1      7.48                      9.16  -1.68     8.83

SNOWFALL (IN)
  YESTERDAY        0.0           5.0  1983   0.1   -0.1      0.0
  MONTH TO DATE    0.0                       2.5   -2.5      0.7
  SINCE MAR 1      9.0                      11.5   -2.5      3.1
  SINCE JUL 1     51.4                      45.4    6.0     58.9

DEGREE DAYS
 HEATING
  YESTERDAY       10                        15     -5       13
  MONTH TO DATE  291                       368    -77      344
  SINCE MAR 1   1286                      1239     47     1387
  SINCE JUL 1   5983                      5845    138     6210

 COOLING
  YESTERDAY        0                         0      0        0
  MONTH TO DATE    0                         0      0        7
  SINCE MAR 1      0                         0      0        7
  SINCE JAN 1      0                         0      0        7
..................................................................


WIND (MPH)
  HIGHEST WIND SPEED    29   HIGHEST WIND DIRECTION    SE (130)
  HIGHEST GUST SPEED    47   HIGHEST GUST DIRECTION    SE (130)
  AVERAGE WIND SPEED    11.7


SKY COVER
  AVERAGE SKY COVER 0.9



RELATIVE HUMIDITY (PERCENT)
 HIGHEST    93          1100 PM
 LOWEST     60           300 AM
 AVERAGE    77

..........................................................


THE AVOCA PA CLIMATE NORMALS FOR TODAY
                         NORMAL    RECORD    YEAR
 MAXIMUM TEMPERATURE (F)   62        85      1985
                                             1976
 MINIMUM TEMPERATURE (F)   40        26      1925


SUNRISE AND SUNSET
APRIL 21 2015.........SUNRISE   615 AM EDT   SUNSET   749 PM EDT
APRIL 22 2015.........SUNRISE   613 AM EDT   SUNSET   750 PM EDT


-  INDICATES NEGATIVE NUMBERS.
R  INDICATES RECORD WAS SET OR TIED.
MM INDICATES DATA IS MISSING.
T  INDICATES TRACE AMOUNT.




$$
