000
CDAK48 PABE 061206
CLIBET

CLIMATE REPORT
NATIONAL WEATHER SERVICE BETHEL, AK
406 AM AKDT WED MAY 6 2015

...................................
...THE BETHEL AP CLIMATE SUMMARY FOR MAY 5 2015...

CLIMATE NORMAL PERIOD  1981 TO  2010
CLIMATE RECORD PERIOD  1923 TO  2015

WEATHER ITEM   OBSERVED TIME    RECORD YEAR NORMAL DEPARTURE LAST
               VALUE    (LST)   VALUE       VALUE  FROM      YEAR
                                                   NORMAL
...................................................................
TEMPERATURE
YESTERDAY
 MAXIMUM            57  0332 PM    61  1997     46      11     46
 MINIMUM            33  0445 AM     0  1949     29       4     26
 AVERAGE            45                          38       7     36

PRECIPITATION
(INCHES)
 YESTERDAY        0.00           0.62  2002   0.03   -0.03   0.00
 MONTH TO DATE    0.11                        0.16   -0.05   0.01
 SINCE MAR 1      1.67                        1.61    0.06   0.83
 SINCE JAN 1      2.71                        3.11   -0.40   2.41

SNOWFALL
(INCHES)
 YESTERDAY         0.0            1.3  2005    0.1    -0.1    0.0
 MONTH TO DATE       T                         0.5    -0.5    0.0
 SINCE MAR 1      16.6                        14.4     2.2    5.7
 SINCE JUL 1      42.1                        60.2   -18.1   27.8
 SNOW DEPTH (IN)     0                                          0

DEGREE DAYS
 HEATING
  YESTERDAY         20                          28      -8     29
  MONTH TO DATE    119                         142     -23    117
  SINCE MAR 1     2523                        2828    -305   2662
  SINCE JUL 1    10298                       11574   -1276  10137

 COOLING
  YESTERDAY          0                           0       0      0
  MONTH TO DATE      0                           0       0      0
  SINCE MAR 1        0                           0       0      0
  SINCE JAN 1        0                           0       0      0
...................................................................

WIND (MPH)
 HIGHEST WIND SPEED    16     HIGHEST WIND DIRECTION    210
 HIGHEST GUST SPEED    20     HIGHEST GUST DIRECTION    200
 AVERAGE WIND SPEED   5.2

SKY COVER
  POSSIBLE SUNSHINE    MM          AVERAGE SKY COVER     MM

WEATHER CONDITIONS
 THE FOLLOWING WEATHER WAS RECORDED YESTERDAY.
 NO SIGNIFICANT WEATHER WAS OBSERVED.

RELATIVE HUMIDITY
 HIGHEST RH     MM PERCENT       MM
 LOWEST  RH     MM PERCENT       MM
 AVERAGE RH     MM PERCENT       MM
...................................................................

THE BETHEL CLIMATE NORMALS FOR TODAY
                           NORMAL    RECORD   YEAR
 MAXIMUM TEMPERATURE (F)     46        61     1940
 MINIMUM TEMPERATURE (F)     30         0     1949

SUNRISE AND SUNSET
 MAY 6 2015..........SUNRISE  6:28 AM      SUNSET 11:03 PM
 MAY 7 2015..........SUNRISE  6:25 AM      SUNSET 11:06 PM

-  INDICATES NEGATIVE NUMBERS.
R  INDICATES RECORD HAS BEEN SET OR TIED.
MM INDICATES DATA IS MISSING.
T  INDICATES TRACE OF PRECIPITATION.

&&
-------------------------------------------------------------------

AMOUNT OF DAYLIGHT TODAY  (HOUR:MIN)........16 HOURS 35 MINUTES
GAIN/LOSS SINCE YESTERDAY (HOUR:MIN:SEC)....+0:05:18

$$
DAC
