000
CDUS44 KAMA 191411
CLIBGD


CLIMATE REPORT
NATIONAL WEATHER SERVICE AMARILLO TX
910 AM CDT SUN APR 19 2015


...................................

...THE BORGER CLIMATE SUMMARY FOR APRIL 19 2015...
VALID AS OF 0900 AM LOCAL TIME.

CLIMATE NORMAL PERIOD 1981 TO 2013
CLIMATE RECORD PERIOD 1949 TO 2015


WEATHER ITEM   OBSERVED TIME   RECORD YEAR NORMAL DEPARTURE LAST
                VALUE   (LST)  VALUE       VALUE  FROM      YEAR
                                                  NORMAL
..................................................................
TEMPERATURE (F)
 TODAY
  MINIMUM         45    636 AM  28    2013  46     -1       53

PRECIPITATION (IN)
  TODAY            0.00          0.71 1949   0.06  -0.06      T
  MONTH TO DATE    1.01                      1.07  -0.06     0.10
  SINCE MAR 1      1.28                      2.48  -1.20     0.17
  SINCE JAN 1      3.13                      3.69  -0.56     0.55

SNOWFALL (IN)
  TODAY            0.0           T    1976                   0.0
  MONTH TO DATE    0.0                                       1.1
  SINCE MAR 1      T                                         2.1
  SINCE JUL 1     17.5                                      14.7
  SNOW DEPTH       0

..................................................................


WIND (MPH)
  RESULTANT WIND SPEED   3   RESULTANT WIND DIRECTION  NW (310)
  HIGHEST WIND SPEED    21   HIGHEST WIND DIRECTION    NW (310)
  HIGHEST GUST SPEED    29   HIGHEST GUST DIRECTION     W (290)
  AVERAGE WIND SPEED     5.9


SKY COVER
  AVERAGE SKY COVER 0.4


WEATHER CONDITIONS
 THE FOLLOWING WEATHER WAS RECORDED TODAY.
  NO SIGNIFICANT WEATHER WAS OBSERVED.


RELATIVE HUMIDITY (PERCENT)
 HIGHEST    70           600 AM
 LOWEST     61           400 AM
 AVERAGE    66

..........................................................


THE BORGER CLIMATE NORMALS FOR TOMORROW
                         NORMAL    RECORD    YEAR
 MAXIMUM TEMPERATURE (F)   74        91      1989
 MINIMUM TEMPERATURE (F)   46        25      1966


SUNRISE AND SUNSET
APRIL 19 2015.........SUNRISE   708 AM CDT   SUNSET   822 PM CDT
APRIL 20 2015.........SUNRISE   707 AM CDT   SUNSET   823 PM CDT


-  INDICATES NEGATIVE NUMBERS.
R  INDICATES RECORD WAS SET OR TIED.
MM INDICATES DATA IS MISSING.
T  INDICATES TRACE AMOUNT.




$$
