000
CDUS45 KVEF 190826
CLIBIH


CLIMATE REPORT
NATIONAL WEATHER SERVICE LAS VEGAS, NV
126 AM PDT SUN APR 19 2015


...................................

...THE BISHOP CA CLIMATE SUMMARY FOR APRIL 18 2015...

CLIMATE NORMAL PERIOD 1981 TO 2010
CLIMATE RECORD PERIOD 1943 TO 2015


WEATHER ITEM   OBSERVED TIME   RECORD YEAR NORMAL DEPARTURE LAST
                VALUE   (LST)  VALUE       VALUE  FROM      YEAR
                                                  NORMAL
..................................................................
TEMPERATURE (F)
 YESTERDAY
  MAXIMUM         82    353 PM  91    1989  73      9       83
  MINIMUM         35    559 AM  22    2002  37     -2       50
  AVERAGE         59                        55      4       67

PRECIPITATION (IN)
  YESTERDAY        0.00          0.57 1956   0.00   0.00     0.00
  MONTH TO DATE    0.00                      0.18  -0.18     0.07
  SINCE OCT 1      0.73                      4.23  -3.50     2.24
  SINCE JAN 1      0.27                      2.61  -2.34     2.02

SNOWFALL (IN)
  YESTERDAY        0.0           T    1957   0.0    0.0      0.0
  MONTH TO DATE    0.0                       0.0    0.0      0.1
  SINCE MAR 1      T                         0.9   -0.9      0.1
  SINCE JUL 1      T                         6.8   -6.8      0.6
  SNOW DEPTH       0

DEGREE DAYS
 HEATING
  YESTERDAY        6                        10     -4        0
  MONTH TO DATE  203                       218    -15      132
  SINCE MAR 1    503                       734   -231      567
  SINCE JUL 1   2944                      3941   -997     3517

 COOLING
  YESTERDAY        0                         0      0        2
  MONTH TO DATE    0                         0      0        4
  SINCE MAR 1      0                         0      0        4
  SINCE JAN 1      0                         0      0        4
..................................................................


WIND (MPH)
  RESULTANT WIND SPEED   3   RESULTANT WIND DIRECTION  NW (300)
  HIGHEST WIND SPEED    16   HIGHEST WIND DIRECTION     W (260)
  HIGHEST GUST SPEED    20   HIGHEST GUST DIRECTION     W (260)
  AVERAGE WIND SPEED     3.8


SKY COVER
  POSSIBLE SUNSHINE  MM
  AVERAGE SKY COVER 0.0


WEATHER CONDITIONS
 THE FOLLOWING WEATHER WAS RECORDED YESTERDAY.
  NO SIGNIFICANT WEATHER WAS OBSERVED.


RELATIVE HUMIDITY (PERCENT)
 HIGHEST    27           600 AM
 LOWEST      5          1200 PM
 AVERAGE    16

..........................................................


THE BISHOP CA CLIMATE NORMALS FOR TODAY
                         NORMAL    RECORD    YEAR
 MAXIMUM TEMPERATURE (F)   74        89      1989
 MINIMUM TEMPERATURE (F)   37        19      2007


SUNRISE AND SUNSET
APRIL 19 2015.........SUNRISE   614 AM PDT   SUNSET   732 PM PDT
APRIL 20 2015.........SUNRISE   612 AM PDT   SUNSET   733 PM PDT


-  INDICATES NEGATIVE NUMBERS.
R  INDICATES RECORD WAS SET OR TIED.
MM INDICATES DATA IS MISSING.
T  INDICATES TRACE AMOUNT.




$$
