000
CDUS41 KRLX 032117
CLIBKW


CLIMATE REPORT
NATIONAL WEATHER SERVICE CHARLESTON WV
516 PM EDT SUN MAY 3 2015


...................................

...THE BECKLEY WV CLIMATE SUMMARY FOR MAY 3 2015...
VALID TODAY AS OF 0500 PM LOCAL TIME.

CLIMATE NORMAL PERIOD 1981 TO 2010
CLIMATE RECORD PERIOD 1963 TO 2015


WEATHER ITEM   OBSERVED TIME   RECORD YEAR NORMAL DEPARTURE LAST
                VALUE   (LST)  VALUE       VALUE  FROM      YEAR
                                                  NORMAL
..................................................................
TEMPERATURE (F)
 TODAY
  MAXIMUM         73    359 PM  87    1902  68      5       66
  MINIMUM         40    525 AM  25    1961  46     -6       44
                                      1897
  AVERAGE         57                        57      0       55

PRECIPITATION (IN)
  TODAY            0.00          1.04 2009   0.14  -0.14     0.00
  MONTH TO DATE    0.17                      0.41  -0.24      T
  SINCE MAR 1     12.32                      7.34   4.98     5.15
  SINCE JAN 1     18.97                     12.91   6.06    10.25

DEGREE DAYS
 HEATING
  TODAY            8                         9     -1       10
  MONTH TO DATE   36                        27      9       33
  SINCE MAR 1   1059                      1135    -76     1151
  SINCE JUL 1   5392                      5136    256     5359

 COOLING
  TODAY            0                         0      0        0
  MONTH TO DATE    0                         0      0        0
  SINCE MAR 1      3                        10     -7        5
  SINCE JAN 1      3                        10     -7        5
..................................................................


WIND (MPH)
  HIGHEST WIND SPEED    13   HIGHEST WIND DIRECTION    SE (140)
  HIGHEST GUST SPEED    17   HIGHEST GUST DIRECTION    SE (150)
  AVERAGE WIND SPEED     2.7


SKY COVER
  POSSIBLE SUNSHINE  MM
  AVERAGE SKY COVER 0.0


WEATHER CONDITIONS
 THE FOLLOWING WEATHER WAS RECORDED TODAY.
  NO SIGNIFICANT WEATHER WAS OBSERVED.


RELATIVE HUMIDITY (PERCENT)
 HIGHEST    70           200 AM
 LOWEST     22           300 PM
 AVERAGE    46

..........................................................


THE BECKLEY WV CLIMATE NORMALS FOR TOMORROW
                         NORMAL    RECORD    YEAR
 MAXIMUM TEMPERATURE (F)   68        86      1938
 MINIMUM TEMPERATURE (F)   46        23      1939


SUNRISE AND SUNSET
MAY  3 2015...........SUNRISE   627 AM EDT   SUNSET   817 PM EDT
MAY  4 2015...........SUNRISE   626 AM EDT   SUNSET   817 PM EDT


-  INDICATES NEGATIVE NUMBERS.
R  INDICATES RECORD WAS SET OR TIED.
MM INDICATES DATA IS MISSING.
T  INDICATES TRACE AMOUNT.




$$
