000
CDUS41 KRNK 280651
CLIBLF


CLIMATE REPORT
NATIONAL WEATHER SERVICE BLACKSBURG VA
240 AM EDT TUE APR 28 2015


...................................

...THE BLUEFIELD WV CLIMATE SUMMARY FOR APRIL 27 2015...

CLIMATE NORMAL PERIOD 1981 TO 2010
CLIMATE RECORD PERIOD 1959 TO 2015


WEATHER ITEM   OBSERVED TIME   RECORD YEAR NORMAL DEPARTURE LAST
                VALUE   (LST)  VALUE       VALUE  FROM      YEAR
                                                  NORMAL
..................................................................
TEMPERATURE (F)
 YESTERDAY
  MAXIMUM         55    444 PM  86    1990  68    -13       83
  MINIMUM         37    546 AM  29    1976  49    -12       56
  AVERAGE         46                        58    -12

PRECIPITATION (IN)
  YESTERDAY        0.00          0.92 1973   0.12  -0.12     0.00
  MONTH TO DATE    5.17                      2.99   2.18     2.17
  SINCE MAR 1     10.25                      6.50   3.75     4.13
  SINCE JAN 1     13.81                     12.16   1.65     8.26

SNOWFALL (IN)
  YESTERDAY        0.0
  MONTH TO DATE    0.0
  SINCE MAR 1      3.1
  SINCE JUL 1     39.7
  SNOW DEPTH       0

DEGREE DAYS
 HEATING
  YESTERDAY       19                         8     11
  MONTH TO DATE  235                       300    -65
  SINCE MAR 1    820                       916    -96
  SINCE JUL 1   4740                      4409    331

 COOLING
  YESTERDAY        0                         1     -1
  MONTH TO DATE   11                        25    -14
  SINCE MAR 1     11                        29    -18
  SINCE JAN 1     11                        29    -18
..................................................................


WIND (MPH)
  HIGHEST WIND SPEED    21   HIGHEST WIND DIRECTION    NW (310)
  HIGHEST GUST SPEED    27   HIGHEST GUST DIRECTION    NW (300)
  AVERAGE WIND SPEED     7.4


SKY COVER
  POSSIBLE SUNSHINE  MM
  AVERAGE SKY COVER 0.7


WEATHER CONDITIONS
 THE FOLLOWING WEATHER WAS RECORDED YESTERDAY.
  FOG


RELATIVE HUMIDITY (PERCENT)
 HIGHEST    92           300 AM
 LOWEST     35           400 PM
 AVERAGE    64

..........................................................


THE BLUEFIELD WV CLIMATE NORMALS FOR TODAY
                         NORMAL    RECORD    YEAR
 MAXIMUM TEMPERATURE (F)   69        84      1986
 MINIMUM TEMPERATURE (F)   49        25      1976


SUNRISE AND SUNSET
APRIL 28 2015.........SUNRISE   634 AM EDT   SUNSET   811 PM EDT
APRIL 29 2015.........SUNRISE   633 AM EDT   SUNSET   812 PM EDT


-  INDICATES NEGATIVE NUMBERS.
R  INDICATES RECORD WAS SET OR TIED.
MM INDICATES DATA IS MISSING.
T  INDICATES TRACE AMOUNT.




$$
