000
CDUS45 KBOI 280122
CLIBNO


CLIMATE REPORT
NATIONAL WEATHER SERVICE BOISE ID
721 PM MDT MON APR 27 2015


...................................

...THE BURNS OR CLIMATE SUMMARY FOR APRIL 27 2015...
VALID TODAY AS OF 0600 PM LOCAL TIME.

CLIMATE NORMAL PERIOD 1981 TO 2010
CLIMATE RECORD PERIOD 1938 TO 2015


WEATHER ITEM   OBSERVED TIME   RECORD YEAR NORMAL DEPARTURE LAST
                VALUE   (LST)  VALUE       VALUE  FROM      YEAR
                                                  NORMAL
..................................................................
TEMPERATURE (F)
 TODAY
  MAXIMUM         70    324 PM  84    1987  60     10       51
  MINIMUM         24    516 AM  18    1955  31     -7       29
  AVERAGE         47                        46      1       40

PRECIPITATION (IN)
  TODAY            0.00          0.44 1951   0.03  -0.03     0.03
  MONTH TO DATE    0.15                      0.84  -0.69     1.11
  SINCE OCT 1      6.75                      7.64  -0.89     5.52
  SINCE JAN 1      2.25                      4.14  -1.89     4.55

DEGREE DAYS
 HEATING
  TODAY           18                        19     -1       25
  MONTH TO DATE  630                       598     32      577
  SINCE MAR 1   1312                      1455   -143     1361
  SINCE JUL 1   5786                      6983  -1197     6644

 COOLING
  TODAY            0                         0      0        0
  MONTH TO DATE    0                         0      0        0
  SINCE MAR 1      0                         0      0        0
  SINCE JAN 1      0                         0      0        0
..................................................................


WIND (MPH)
  HIGHEST WIND SPEED    14   HIGHEST WIND DIRECTION    NE (30)
  HIGHEST GUST SPEED    18   HIGHEST GUST DIRECTION    NE (30)
  AVERAGE WIND SPEED     5.3



WEATHER CONDITIONS
 THE FOLLOWING WEATHER WAS RECORDED TODAY.
  NO SIGNIFICANT WEATHER WAS OBSERVED.


RELATIVE HUMIDITY (PERCENT)
 HIGHEST    75           400 AM
 LOWEST     18           300 PM
 AVERAGE    47

..........................................................


THE BURNS OR CLIMATE NORMALS FOR TOMORROW
                         NORMAL    RECORD    YEAR
 MAXIMUM TEMPERATURE (F)   61        82      1939
 MINIMUM TEMPERATURE (F)   32        20      2002
                                             1996


SUNRISE AND SUNSET
APRIL 27 2015.........SUNRISE   554 AM PDT   SUNSET   753 PM PDT
APRIL 28 2015.........SUNRISE   553 AM PDT   SUNSET   754 PM PDT


-  INDICATES NEGATIVE NUMBERS.
R  INDICATES RECORD WAS SET OR TIED.
MM INDICATES DATA IS MISSING.
T  INDICATES TRACE AMOUNT.




$$
