000
CDUS45 KBOI 050932
CLIBOI


CLIMATE REPORT
NATIONAL WEATHER SERVICE BOISE ID
332 AM MDT TUE MAY 5 2015


...................................

...THE BOISE ID CLIMATE SUMMARY FOR MAY 4 2015...

CLIMATE NORMAL PERIOD 1981 TO 2010
CLIMATE RECORD PERIOD 1878 TO 2015


WEATHER ITEM   OBSERVED TIME   RECORD YEAR NORMAL DEPARTURE LAST
                VALUE   (LST)  VALUE       VALUE  FROM      YEAR
                                                  NORMAL
..................................................................
TEMPERATURE (F)
 YESTERDAY
  MAXIMUM         84    504 PM  93    1966  68     16       69
  MINIMUM         49    526 AM  26    1982  43      6       50
  AVERAGE         67                        56     11       60

PRECIPITATION (IN)
  YESTERDAY        T             1.30 1896   0.05  -0.05     0.01
  MONTH TO DATE    T                         0.19  -0.19     0.01
  SINCE OCT 1      9.20                      8.69   0.51    10.42
  SINCE JAN 1      3.29                      5.04  -1.75     7.51

SNOWFALL (IN)
  YESTERDAY        0.0           T    1978   0.0    0.0      0.0
  MONTH TO DATE    0.0                       0.0    0.0      0.0
  SINCE OCT 1     13.3                      19.2   -5.9     14.4
  SINCE JUL 1     13.3                      19.2   -5.9     14.4
  SNOW DEPTH       0

DEGREE DAYS
 HEATING
  YESTERDAY        0                        10    -10        5
  MONTH TO DATE    7                        42    -35        8
  SINCE MAR 1    881                      1107   -226     1027
  SINCE JUL 1   4476                      5266   -790     5367

 COOLING
  YESTERDAY        2                         1      1        0
  MONTH TO DATE    2                         3     -1        1
  SINCE MAR 1      2                         6     -4        1
  SINCE JAN 1      2                         6     -4        1
..................................................................


WIND (MPH)
  HIGHEST WIND SPEED    31   HIGHEST WIND DIRECTION    SW (220)
  HIGHEST GUST SPEED    44   HIGHEST GUST DIRECTION     S (170)
  AVERAGE WIND SPEED     7.3


SKY COVER
  POSSIBLE SUNSHINE  MM
  AVERAGE SKY COVER 0.0


WEATHER CONDITIONS
 THE FOLLOWING WEATHER WAS RECORDED YESTERDAY.
  LIGHT RAIN


RELATIVE HUMIDITY (PERCENT)
 HIGHEST    48           600 AM
 LOWEST     16           300 PM
 AVERAGE    32

..........................................................


THE BOISE ID CLIMATE NORMALS FOR TODAY
                         NORMAL    RECORD    YEAR
 MAXIMUM TEMPERATURE (F)   68        94      1966
 MINIMUM TEMPERATURE (F)   44        22      1982


SUNRISE AND SUNSET
MAY  5 2015...........SUNRISE   632 AM MDT   SUNSET   852 PM MDT
MAY  6 2015...........SUNRISE   631 AM MDT   SUNSET   853 PM MDT


-  INDICATES NEGATIVE NUMBERS.
R  INDICATES RECORD WAS SET OR TIED.
MM INDICATES DATA IS MISSING.
T  INDICATES TRACE AMOUNT.




$$
