000
CDUS44 KLCH 040849
CLIBPT


CLIMATE REPORT
NATIONAL WEATHER SERVICE LAKE CHARLES, LA
349 AM CDT MON MAY 4 2015


...................................

...THE BEAUMONT PORT ARTHUR CLIMATE SUMMARY FOR MAY 3 2015...

CLIMATE NORMAL PERIOD 1981 TO 2010
CLIMATE RECORD PERIOD 1901 TO 2015


WEATHER ITEM   OBSERVED TIME   RECORD YEAR NORMAL DEPARTURE LAST
                VALUE   (LST)  VALUE       VALUE  FROM      YEAR
                                                  NORMAL
..................................................................
TEMPERATURE (F)
 YESTERDAY
  MAXIMUM         84    219 PM  93    1984  82      2       86
                                      1943
  MINIMUM         59    556 AM  46    2013  64     -5       53
  AVERAGE         72                        73     -1       70

PRECIPITATION (IN)
  YESTERDAY        T             2.85 1990   0.16  -0.16     0.00
  MONTH TO DATE    T                         0.47  -0.47      T
  SINCE MAR 1     19.23                      7.21  12.02     4.31
  SINCE JAN 1     26.21                     16.05  10.16    11.03

SNOWFALL (IN)
  YESTERDAY        0.0           0.0    MM   0.0    0.0      0.0
  MONTH TO DATE    0.0                       0.0    0.0      0.0
  SINCE MAR 1      T                         0.0    0.0      0.0
  SINCE JUL 1      T                         T      0.0      0.3
  SNOW DEPTH       0

DEGREE DAYS
 HEATING
  YESTERDAY        0                         0      0        0
  MONTH TO DATE    0                         0      0        4
  SINCE MAR 1    105                       187    -82      245
  SINCE JUL 1   1362                      1400    -38     1714

 COOLING
  YESTERDAY        7                         8     -1        5
  MONTH TO DATE   21                        24     -3        5
  SINCE MAR 1    332                       225    107      182
  SINCE JAN 1    340                       251     89      206
..................................................................


WIND (MPH)
  HIGHEST WIND SPEED    33   HIGHEST WIND DIRECTION    SW (210)
  HIGHEST GUST SPEED    35   HIGHEST GUST DIRECTION    SW (210)
  AVERAGE WIND SPEED     9.3


SKY COVER
  POSSIBLE SUNSHINE  MM
  AVERAGE SKY COVER 0.1


WEATHER CONDITIONS
 THE FOLLOWING WEATHER WAS RECORDED YESTERDAY.
  LIGHT RAIN
  FOG
  FOG W/VISIBILITY <= 1/4 MILE


RELATIVE HUMIDITY (PERCENT)
 HIGHEST   100           400 AM
 LOWEST     42          1000 AM
 AVERAGE    71

..........................................................


THE BEAUMONT PORT ARTHUR CLIMATE NORMALS FOR TODAY
                         NORMAL    RECORD    YEAR
 MAXIMUM TEMPERATURE (F)   82        92      1943
 MINIMUM TEMPERATURE (F)   64        42      2013


SUNRISE AND SUNSET
MAY  4 2015...........SUNRISE   631 AM CDT   SUNSET   755 PM CDT
MAY  5 2015...........SUNRISE   630 AM CDT   SUNSET   756 PM CDT


-  INDICATES NEGATIVE NUMBERS.
R  INDICATES RECORD WAS SET OR TIED.
MM INDICATES DATA IS MISSING.
T  INDICATES TRACE AMOUNT.




$$
