000
CDUS44 KBRO 012125
CLIBRO


CLIMATE REPORT
NATIONAL WEATHER SERVICE BROWNSVILLE TX
425 PM CDT WED APR 1 2015


...................................

...THE BROWNSVILLE CLIMATE SUMMARY FOR APRIL 1 2015...
VALID TODAY AS OF 0400 PM LOCAL TIME.

CLIMATE NORMAL PERIOD 1981 TO 2010
CLIMATE RECORD PERIOD 1878 TO 2015


WEATHER ITEM   OBSERVED TIME   RECORD YEAR NORMAL DEPARTURE LAST
                VALUE   (LST)  VALUE       VALUE  FROM      YEAR
                                                  NORMAL
..................................................................
TEMPERATURE (F)
 TODAY
  MAXIMUM         82    233 PM  98    1917  82      0       80
  MINIMUM         71   1206 AM  45    1987  63      8       73
  AVERAGE         77                        72      5       77

PRECIPITATION (IN)
  TODAY            T             0.68 1953   0.05  -0.05     0.00
  MONTH TO DATE    T                         0.05  -0.05     0.00
  SINCE MAR 1      4.72                      1.28   3.44     1.46
  SINCE JAN 1      9.04                      3.63   5.41     2.22

SNOWFALL (IN)
  TODAY            0.0           0.0  2002   0.0
                                      2001
  MONTH TO DATE    0.0                       0.0
  SINCE MAR 1      0.0                       0.0
  SINCE JUL 1      0.0                       0.0

DEGREE DAYS
 HEATING
  TODAY            0                         1     -1        0
  MONTH TO DATE    0                         1     -1        0
  SINCE MAR 1     67                        44     23       90
  SINCE JUL 1    690                       547    143      814

 COOLING
  TODAY           12                         8      4       12
  MONTH TO DATE   12                         8      4       12
  SINCE MAR 1    136                       182    -46      135
  SINCE JAN 1    193                       323   -130      255
..................................................................


WIND (MPH)
  HIGHEST WIND SPEED    24   HIGHEST WIND DIRECTION    SE (140)
  HIGHEST GUST SPEED    31   HIGHEST GUST DIRECTION    SE (150)
  AVERAGE WIND SPEED    15.2


SKY COVER
  POSSIBLE SUNSHINE  MM
  AVERAGE SKY COVER 1.0


WEATHER CONDITIONS
 THE FOLLOWING WEATHER WAS RECORDED TODAY.
  FOG
  HAZE


RELATIVE HUMIDITY (PERCENT)
 HIGHEST    93          1200 AM
 LOWEST     74           100 PM
 AVERAGE    84

..........................................................


THE BROWNSVILLE CLIMATE NORMALS FOR TOMORROW
                         NORMAL    RECORD    YEAR
 MAXIMUM TEMPERATURE (F)   82        94      1975
                                             1945
 MINIMUM TEMPERATURE (F)   63        39      1915


SUNRISE AND SUNSET
APRIL  1 2015.........SUNRISE   721 AM CDT   SUNSET   746 PM CDT
APRIL  2 2015.........SUNRISE   720 AM CDT   SUNSET   747 PM CDT


-  INDICATES NEGATIVE NUMBERS.
R  INDICATES RECORD WAS SET OR TIED.
MM INDICATES DATA IS MISSING.
T  INDICATES TRACE AMOUNT.




$$
