000
CDAK49 PABR 010951
CLIBRW

CLIMATE REPORT
NATIONAL WEATHER SERVICE BARROW, AK
151 AM AKDT WED APR 1 2015

...................................
...THE BARROW WSO AP CLIMATE SUMMARY FOR MARCH 31 2015...

CLIMATE NORMAL PERIOD  1981 TO  2010
CLIMATE RECORD PERIOD  1915 TO  2015

WEATHER ITEM   OBSERVED TIME    RECORD YEAR NORMAL DEPARTURE LAST
               VALUE    (LST)   VALUE       VALUE  FROM      YEAR
                                                   NORMAL
...................................................................
TEMPERATURE
YESTERDAY
 MAXIMUM             7  0504 PM    28  1936     -1       8     -4
 MINIMUM            -2  1159 PM   -34  1943    -15      13    -15
 AVERAGE             3                          -8      11    -10

PRECIPITATION
(INCHES)
 YESTERDAY        0.00           0.23  1944   0.00    0.00      T
 MONTH TO DATE    0.28                        0.09    0.19   0.05
 SINCE MAR 1      0.28                        0.09    0.19   0.05
 SINCE JAN 1      0.85                        0.36    0.49   0.42

SNOWFALL
(INCHES)
 YESTERDAY         0.0            2.5  1944    0.1    -0.1    0.1
 MONTH TO DATE     3.3                         2.1     1.2    1.8
 SINCE MAR 1       3.3                         2.1     1.2    1.8
 SINCE JUL 1      46.4                        31.1    15.3   44.4
 SNOW DEPTH (IN)     6                                          7

DEGREE DAYS
 HEATING
  YESTERDAY         62                          73     -11     75
  MONTH TO DATE   2364                        2404     -40   2166
  SINCE MAR 1     2347                        2404     -57   2155
  SINCE JUL 1    14490                       15252    -762  13876

 COOLING
  YESTERDAY          0                           0       0      0
  MONTH TO DATE      0                           0       0      0
  SINCE MAR 1        0                           0       0      0
  SINCE JAN 1        0                           0       0      0
...................................................................

WIND (MPH)
 HIGHEST WIND SPEED    36     HIGHEST WIND DIRECTION     80
 HIGHEST GUST SPEED    45     HIGHEST GUST DIRECTION     90
 AVERAGE WIND SPEED  27.9

WEATHER CONDITIONS
 THE FOLLOWING WEATHER WAS RECORDED YESTERDAY.
  BLOWING SNOW WITH VISIBILITY AS LOW AS 3/4 MILES.

RELATIVE HUMIDITY
 HIGHEST RH     87 PERCENT  AT  853 PM ALT       MM
 LOWEST  RH     75 PERCENT  AT 1053 PM ALT
 AVERAGE RH     80 PERCENT
...................................................................

THE BARROW CLIMATE NORMALS FOR TODAY
                           NORMAL    RECORD   YEAR
 MAXIMUM TEMPERATURE (F)     -1        25     2008
 MINIMUM TEMPERATURE (F)    -14       -35     1924

SUNRISE AND SUNSET
 APR 1 2015..........SUNRISE  7:26 AM      SUNSET  9:40 PM
 APR 2 2015..........SUNRISE  7:21 AM      SUNSET  9:44 PM

-  INDICATES NEGATIVE NUMBERS.
R  INDICATES RECORD HAS BEEN SET OR TIED.
MM INDICATES DATA IS MISSING.
T  INDICATES TRACE OF PRECIPITATION.

&&
-------------------------------------------------------------------

AMOUNT OF DAYLIGHT TODAY  (HOUR:MIN)........14 HOURS 14 MINUTES
GAIN/LOSS SINCE YESTERDAY (HOUR:MIN:SEC)....+0:09:33

$$
RFL APR 15
