000
CDUS45 KMSO 242235
CLIBTM


CLIMATE REPORT
NATIONAL WEATHER SERVICE MISSOULA, MT
432 PM MDT FRI APR 24 2015


...................................

...THE BUTTE MT CLIMATE SUMMARY FOR APRIL 24 2015...
VALID TODAY AS OF 0400 PM LOCAL TIME.

CLIMATE NORMAL PERIOD 1981 TO 2010
CLIMATE RECORD PERIOD 1895 TO 2015


WEATHER ITEM   OBSERVED TIME   RECORD YEAR NORMAL DEPARTURE LAST
                VALUE   (LST)  VALUE       VALUE  FROM      YEAR
                                                  NORMAL
..................................................................
TEMPERATURE (F)
 TODAY
  MAXIMUM         44    131 AM  77    1910  54    -10       48
  MINIMUM         33    510 AM  13    1958  28      5       31
  AVERAGE         39                        41     -2       40

PRECIPITATION (IN)
  TODAY            0.22          0.50 1900   0.04   0.18     0.08
  MONTH TO DATE    0.58                      0.90  -0.32     0.80
  SINCE OCT 1      3.68                      4.45  -0.77     3.95
  SINCE JAN 1      1.29                      2.56  -1.27     2.91

SNOWFALL (IN)
  TODAY           MM
  MONTH TO DATE   MM
  SINCE JAN 1     MM
  SINCE JUL 1     MM
  SNOW DEPTH      MM

DEGREE DAYS
 HEATING
  TODAY           26                        24      2       25
  MONTH TO DATE  651                       643      8      617
  SINCE MAR 1   1499                      1685   -186     1685
  SINCE JUL 1   7380                      8254   -874     8063

 COOLING
  TODAY            0                         0      0        0
  MONTH TO DATE    0                         0      0        0
  SINCE MAR 1      0                         0      0        0
  SINCE JAN 1      0                         0      0        0
..................................................................


WIND (MPH)
  HIGHEST WIND SPEED    16   HIGHEST WIND DIRECTION    NW (300)
  HIGHEST GUST SPEED    19   HIGHEST GUST DIRECTION    NW (310)
  AVERAGE WIND SPEED     4.8


SKY COVER
  POSSIBLE SUNSHINE  MM
  AVERAGE SKY COVER 0.8


WEATHER CONDITIONS
 THE FOLLOWING WEATHER WAS RECORDED TODAY.
  RAIN
  LIGHT RAIN
  FOG


RELATIVE HUMIDITY (PERCENT)
 HIGHEST    92          1200 PM
 LOWEST     49           200 AM
 AVERAGE    71

..........................................................


THE BUTTE MT CLIMATE NORMALS FOR TOMORROW
                         NORMAL    RECORD    YEAR
 MAXIMUM TEMPERATURE (F)   55        83      1910
 MINIMUM TEMPERATURE (F)   28        12      1960


SUNRISE AND SUNSET
APRIL 24 2015.........SUNRISE   629 AM MDT   SUNSET   829 PM MDT
APRIL 25 2015.........SUNRISE   627 AM MDT   SUNSET   830 PM MDT


-  INDICATES NEGATIVE NUMBERS.
R  INDICATES RECORD WAS SET OR TIED.
MM INDICATES DATA IS MISSING.
T  INDICATES TRACE AMOUNT.




$$
