000
CDUS43 KLMK 010630
CLIBWG


CLIMATE REPORT
NATIONAL WEATHER SERVICE LOUISVILLE KY
229 AM EDT WED APR 1 2015


...................................

...THE BOWLING GREEN KY CLIMATE SUMMARY FOR MARCH 31 2015...

CLIMATE NORMAL PERIOD 1981 TO 2010
CLIMATE RECORD PERIOD 1870 TO 2015


WEATHER ITEM   OBSERVED TIME   RECORD YEAR NORMAL DEPARTURE LAST
                VALUE   (LST)  VALUE       VALUE  FROM      YEAR
                                                  NORMAL
..................................................................
TEMPERATURE (F)
 YESTERDAY
  MAXIMUM         79    155 PM  83    1978  65     14       72
                                      1963
                                      1929
  MINIMUM         37    503 AM  19    1923  41     -4       28
  AVERAGE         58                        53      5       50

PRECIPITATION (IN)
  YESTERDAY        0.00          1.90 1953   0.15  -0.15      T
  MONTH TO DATE    6.27                      4.41   1.86     3.73
  SINCE MAR 1      6.27                      4.41   1.86     3.73
  SINCE JAN 1     12.15                     11.98   0.17    10.90

SNOWFALL (IN)
  YESTERDAY        0.0           0.5  1987   0.0    0.0      0.0
  MONTH TO DATE    7.2                       1.1    6.1      5.1
  SINCE MAR 1      7.2                       1.1    6.1      5.1
  SINCE JUL 1     23.5                       8.9   14.6     10.4
  SNOW DEPTH       0

DEGREE DAYS
 HEATING
  YESTERDAY        7                        12     -5       15
  MONTH TO DATE  540                       520     20      653
  SINCE MAR 1    540                       520     20      653
  SINCE JUL 1   4075                      3718    357     4262

 COOLING
  YESTERDAY        0                         0      0        0
  MONTH TO DATE    0                         5     -5        0
  SINCE MAR 1      0                         5     -5        0
  SINCE JAN 1      0                         5     -5        0
..................................................................


WIND (MPH)
  HIGHEST WIND SPEED    20   HIGHEST WIND DIRECTION     W (260)
  HIGHEST GUST SPEED    25   HIGHEST GUST DIRECTION    NW (310)
  AVERAGE WIND SPEED     6.4


SKY COVER
  POSSIBLE SUNSHINE  MM
  AVERAGE SKY COVER 0.0


WEATHER CONDITIONS
 THE FOLLOWING WEATHER WAS RECORDED YESTERDAY.
  NO SIGNIFICANT WEATHER WAS OBSERVED.


RELATIVE HUMIDITY (PERCENT)
 HIGHEST    85           400 AM
 LOWEST     21           500 PM
 AVERAGE    53

..........................................................


THE BOWLING GREEN KY CLIMATE NORMALS FOR TODAY
                         NORMAL    RECORD    YEAR
 MAXIMUM TEMPERATURE (F)   65        87      1940
                                             1905
 MINIMUM TEMPERATURE (F)   41        19      1923


SUNRISE AND SUNSET
APRIL  1 2015.........SUNRISE   632 AM CDT   SUNSET   708 PM CDT
APRIL  2 2015.........SUNRISE   630 AM CDT   SUNSET   709 PM CDT


-  INDICATES NEGATIVE NUMBERS.
R  INDICATES RECORD WAS SET OR TIED.
MM INDICATES DATA IS MISSING.
T  INDICATES TRACE AMOUNT.




$$
