000
CDUS45 KSLC 061241
CLICDC


CLIMATE REPORT
NATIONAL WEATHER SERVICE SALT LAKE CITY UT
641 AM MDT WED MAY 6 2015


...................................

...THE CEDAR CITY UT CLIMATE SUMMARY FOR MAY 5 2015...

CLIMATE NORMAL PERIOD 1981 TO 2010
CLIMATE RECORD PERIOD 1928 TO 2015


WEATHER ITEM   OBSERVED TIME   RECORD YEAR NORMAL DEPARTURE LAST
                VALUE   (LST)  VALUE       VALUE  FROM      YEAR
                                                  NORMAL
..................................................................
TEMPERATURE (F)
 YESTERDAY
  MAXIMUM         66    302 PM  83    1989  68     -2       75
  MINIMUM         42    527 PM  24    2011  37      5       57
                                      1950
  AVERAGE         54                        52      2       66

PRECIPITATION (IN)
  YESTERDAY        1.11R         0.44 1971   0.02   1.09     0.00
  MONTH TO DATE    1.18                      0.13   1.05     0.00
  SINCE OCT 1      7.00                      7.51  -0.51     3.99
  SINCE JAN 1      4.87                      4.40   0.47     2.05

DEGREE DAYS
 HEATING
  YESTERDAY       11                        13     -2        0
  MONTH TO DATE   33                        66    -33       30
  SINCE MAR 1   1201                      1390   -189     1264
  SINCE JUL 1   5039                      5952   -913     5851

 COOLING
  YESTERDAY        0                         0      0        1
  MONTH TO DATE    0                         0      0        3
  SINCE MAR 1      0                         0      0        3
  SINCE JAN 1      0                         0      0        3
..................................................................


WIND (MPH)
  RESULTANT WIND SPEED   4   RESULTANT WIND DIRECTION   S (180)
  HIGHEST WIND SPEED    28   HIGHEST WIND DIRECTION     E (70)
  HIGHEST GUST SPEED    34   HIGHEST GUST DIRECTION     E (70)
  AVERAGE WIND SPEED     6.2



WEATHER CONDITIONS
 THE FOLLOWING WEATHER WAS RECORDED YESTERDAY.
  THUNDERSTORM
  HEAVY RAIN
  RAIN
  LIGHT RAIN
  FOG
  HAZE


RELATIVE HUMIDITY (PERCENT)
 HIGHEST   100           700 PM
 LOWEST     44           400 PM
 AVERAGE    72

..........................................................


THE CEDAR CITY UT CLIMATE NORMALS FOR TODAY
                         NORMAL    RECORD    YEAR
 MAXIMUM TEMPERATURE (F)   68        87      1989
 MINIMUM TEMPERATURE (F)   37        25      1999
                                             1965


SUNRISE AND SUNSET
MAY  6 2015...........SUNRISE   631 AM MDT   SUNSET   827 PM MDT
MAY  7 2015...........SUNRISE   630 AM MDT   SUNSET   828 PM MDT


-  INDICATES NEGATIVE NUMBERS.
R  INDICATES RECORD WAS SET OR TIED.
MM INDICATES DATA IS MISSING.
T  INDICATES TRACE AMOUNT.




$$
