000
CDUS43 KPAH 210633
CLICGI


CLIMATE REPORT
NATIONAL WEATHER SERVICE PADUCAH KY
130 AM CDT TUE APR 21 2015


...................................

...THE CAPE GIRARDEAU MO CLIMATE SUMMARY FOR APRIL 20 2015...

CLIMATE NORMAL PERIOD 1981 TO 2010
CLIMATE RECORD PERIOD 1960 TO 2015


WEATHER ITEM   OBSERVED TIME   RECORD YEAR NORMAL DEPARTURE LAST
                VALUE   (LST)  VALUE       VALUE  FROM      YEAR
                                                  NORMAL
..................................................................
TEMPERATURE (F)
 YESTERDAY
  MAXIMUM         65    331 PM  90    1987  70     -5       78
  MINIMUM         45   1158 PM  29    1983  47     -2       45
  AVERAGE         55                        59     -4

PRECIPITATION (IN)
  YESTERDAY        0.03          0.77 1972   0.15  -0.12     0.00
  MONTH TO DATE    4.02                      2.76   1.26     3.71
  SINCE MAR 1     12.81                      7.16   5.65     6.02
  SINCE JAN 1     19.33                     14.04   5.29     9.16

DEGREE DAYS
 HEATING
  YESTERDAY       10                         7      3        3
  MONTH TO DATE   87                       205   -118      180
  SINCE MAR 1    693                       764    -71      898
  SINCE JUL 1   4471                      4261    210     4823

 COOLING
  YESTERDAY        0                         1     -1        0
  MONTH TO DATE   25                        14     11        7
  SINCE MAR 1     25                        18      7        7
  SINCE JAN 1     25                        18      7        7
..................................................................


WIND (MPH)
  HIGHEST WIND SPEED    23   HIGHEST WIND DIRECTION    NW (300)
  HIGHEST GUST SPEED    32   HIGHEST GUST DIRECTION     W (290)
  AVERAGE WIND SPEED    11.5


SKY COVER
  AVERAGE SKY COVER 0.6


WEATHER CONDITIONS
 THE FOLLOWING WEATHER WAS RECORDED YESTERDAY.
  LIGHT RAIN


RELATIVE HUMIDITY (PERCENT)
 HIGHEST    93
 LOWEST     39
 AVERAGE    66

..........................................................


THE CAPE GIRARDEAU MO CLIMATE NORMALS FOR TODAY
                         NORMAL    RECORD    YEAR
 MAXIMUM TEMPERATURE (F)   71        90      1987
 MINIMUM TEMPERATURE (F)   48        34      1978


SUNRISE AND SUNSET
APRIL 21 2015.........SUNRISE   616 AM CDT   SUNSET   739 PM CDT
APRIL 22 2015.........SUNRISE   615 AM CDT   SUNSET   739 PM CDT


-  INDICATES NEGATIVE NUMBERS.
R  INDICATES RECORD WAS SET OR TIED.
MM INDICATES DATA IS MISSING.
T  INDICATES TRACE AMOUNT.




$$
