000
CDUS44 KMRX 010814 RRA
CLICHA

CLIMATE REPORT
NATIONAL WEATHER SERVICE MORRISTOWN TN
412 AM EDT WED APR 1 2015


...................................

...THE CHATTANOOGA CLIMATE SUMMARY FOR MARCH 31 2015...

CLIMATE NORMAL PERIOD 1981 TO 2010
CLIMATE RECORD PERIOD 1879 TO 2015


WEATHER ITEM   OBSERVED TIME   RECORD YEAR NORMAL DEPARTURE LAST
                VALUE   (LST)  VALUE       VALUE  FROM      YEAR
                                                  NORMAL
..................................................................
TEMPERATURE (F)
 YESTERDAY
  MAXIMUM         80    420 PM  87    1963  69     11       77
  MINIMUM         40    625 AM  25    1923  44     -4       34
  AVERAGE         60                        56      4       56

PRECIPITATION (IN)
  YESTERDAY        0.00          1.87 1927   0.15  -0.15     0.00
  MONTH TO DATE    4.17                      4.98  -0.81     2.38
  SINCE MAR 1      4.17                      4.98  -0.81     2.38
  SINCE JAN 1     11.16                     14.73  -3.57     9.97

SNOWFALL (IN)
  YESTERDAY        0.0                       0.0    0.0      0.0
  MONTH TO DATE    0.0                       1.2   -1.2       T
  SINCE MAR 1      0.0                       1.2   -1.2       T
  SINCE JUL 1      9.5                       3.8    5.7      8.4
  SNOW DEPTH       0

DEGREE DAYS
 HEATING
  YESTERDAY        5                         9     -4        9
  MONTH TO DATE  319                       403    -84      435
  SINCE MAR 1    319                       404    -85      435
  SINCE JUL 1   3152                      3026    126     3229

 COOLING
  YESTERDAY        0                         1     -1        0
  MONTH TO DATE    2                         7     -5        0
  SINCE MAR 1      2                         7     -5        0
  SINCE JAN 1      2                         7     -5        0
..................................................................


WIND (MPH)
  HIGHEST WIND SPEED    21   HIGHEST WIND DIRECTION    SW (220)
  HIGHEST GUST SPEED    29   HIGHEST GUST DIRECTION    SW (210)
  AVERAGE WIND SPEED     5.0


SKY COVER
  POSSIBLE SUNSHINE  MM
  AVERAGE SKY COVER  MM


WEATHER CONDITIONS
 THE FOLLOWING WEATHER WAS RECORDED YESTERDAY.
  NO SIGNIFICANT WEATHER WAS OBSERVED.


RELATIVE HUMIDITY (PERCENT)
 HIGHEST    89           100 AM
 LOWEST     35           200 PM
 AVERAGE    62

..........................................................


THE CHATTANOOGA CLIMATE NORMALS FOR TODAY
                         NORMAL    RECORD    YEAR
 MAXIMUM TEMPERATURE (F)   69        86      1940
 MINIMUM TEMPERATURE (F)   44        26      1987
                                             1923
                                             1881


SUNRISE AND SUNSET
APRIL  1 2015.........SUNRISE   728 AM EDT   SUNSET   802 PM EDT
APRIL  2 2015.........SUNRISE   727 AM EDT   SUNSET   803 PM EDT


-  INDICATES NEGATIVE NUMBERS.
R  INDICATES RECORD WAS SET OR TIED.
MM INDICATES DATA IS MISSING.
T  INDICATES TRACE AMOUNT.




$$
