000
CDUS44 KMRX 030824
CLICHA

CLIMATE REPORT
NATIONAL WEATHER SERVICE MORRISTOWN TN
424 AM EDT SUN MAY 3 2015


...................................

...THE CHATTANOOGA CLIMATE SUMMARY FOR MAY 2 2015...

CLIMATE NORMAL PERIOD 1981 TO 2010
CLIMATE RECORD PERIOD 1879 TO 2015


WEATHER ITEM   OBSERVED TIME   RECORD YEAR NORMAL DEPARTURE LAST
                VALUE   (LST)  VALUE       VALUE  FROM      YEAR
                                                  NORMAL
..................................................................
TEMPERATURE (F)
 YESTERDAY
  MAXIMUM         77    515 PM  92    1942  77      0       71
  MINIMUM         47    612 AM  36    1963  53     -6       49
  AVERAGE         62                        65     -3       60

PRECIPITATION (IN)
  YESTERDAY        0.00          3.41 1964   0.15  -0.15     0.00
  MONTH TO DATE    0.00                      0.29  -0.29     0.00
  SINCE MAR 1     13.48                      9.26   4.22     7.85
  SINCE JAN 1     20.47                     19.01   1.46    15.44

SNOWFALL (IN)
  YESTERDAY        0.0                       0.0    0.0      0.0
  MONTH TO DATE    0.0                       0.0    0.0      0.0
  SINCE MAR 1      0.0                       1.3   -1.3       T
  SINCE JUL 1      9.5                       3.9    5.6      8.4
  SNOW DEPTH       0

DEGREE DAYS
 HEATING
  YESTERDAY        3                         3      0        5
  MONTH TO DATE   10                         6      4       10
  SINCE MAR 1    425                       584   -159      565
  SINCE JUL 1   3258                      3206     52     3359

 COOLING
  YESTERDAY        0                         2     -2        0
  MONTH TO DATE    0                         4     -4        0
  SINCE MAR 1     47                        50     -3       38
  SINCE JAN 1     47                        50     -3       38
..................................................................


WIND (MPH)
  HIGHEST WIND SPEED    12   HIGHEST WIND DIRECTION     N (10)
  HIGHEST GUST SPEED    16   HIGHEST GUST DIRECTION    NE (40)
  AVERAGE WIND SPEED     2.3


SKY COVER
  POSSIBLE SUNSHINE  MM
  AVERAGE SKY COVER 0.3


WEATHER CONDITIONS
 THE FOLLOWING WEATHER WAS RECORDED YESTERDAY.
  NO SIGNIFICANT WEATHER WAS OBSERVED.


RELATIVE HUMIDITY (PERCENT)
 HIGHEST    93           300 AM
 LOWEST     31           300 PM
 AVERAGE    62

..........................................................


THE CHATTANOOGA CLIMATE NORMALS FOR TODAY
                         NORMAL    RECORD    YEAR
 MAXIMUM TEMPERATURE (F)   77        91      1899
 MINIMUM TEMPERATURE (F)   53        38      1971


SUNRISE AND SUNSET
MAY  3 2015...........SUNRISE   648 AM EDT   SUNSET   828 PM EDT
MAY  4 2015...........SUNRISE   647 AM EDT   SUNSET   829 PM EDT


-  INDICATES NEGATIVE NUMBERS.
R  INDICATES RECORD WAS SET OR TIED.
MM INDICATES DATA IS MISSING.
T  INDICATES TRACE AMOUNT.




$$
