000
CDUS42 KCHS 012123
CLICHS


CLIMATE REPORT
NATIONAL WEATHER SERVICE CHARLESTON SC
522 PM EDT WED APR 1 2015


...................................

...THE NORTH CHARLESTON SC CLIMATE SUMMARY FOR APRIL 1 2015...
VALID TODAY AS OF 0500 PM LOCAL TIME.

CLIMATE NORMAL PERIOD 1981 TO 2010
CLIMATE RECORD PERIOD 1938 TO 2015


WEATHER ITEM   OBSERVED TIME   RECORD YEAR NORMAL DEPARTURE LAST
                VALUE   (LST)  VALUE       VALUE  FROM      YEAR
                                                  NORMAL
..................................................................
TEMPERATURE (F)
 TODAY
  MAXIMUM         70    302 PM  86    2010  73     -3       85
                                      1974
  MINIMUM         61   1006 AM  33    1987  50     11       47
  AVERAGE         66                        62      4       66

PRECIPITATION (IN)
  TODAY            0.08          3.55 1948   0.11  -0.03     0.00
  MONTH TO DATE    0.08                      0.11  -0.03     0.00
  SINCE MAR 1      2.34                      3.82  -1.48     4.93
  SINCE JAN 1     10.27                     10.49  -0.22     9.78

SNOWFALL (IN)
  TODAY            0.0                       0.0    0.0
  SINCE MAR 1      0.0                       0.0    0.0
  SINCE JUL 1      T                         0.5   -0.5

DEGREE DAYS
 HEATING
  TODAY            0                         5     -5        0
  MONTH TO DATE    0                         5     -5        0
  SINCE MAR 1    183                       244    -61      314
  SINCE JUL 1   1920                      1880     40     1837

 COOLING
  TODAY            1                         1      0        1
  MONTH TO DATE    1                         1      0        1
  SINCE MAR 1     34                        28      6       10
  SINCE JAN 1     38                        35      3       20
..................................................................


WIND (MPH)
  HIGHEST WIND SPEED    17   HIGHEST WIND DIRECTION    SE (120)
  HIGHEST GUST SPEED    24   HIGHEST GUST DIRECTION     E (100)
  AVERAGE WIND SPEED     9.1


SKY COVER
  POSSIBLE SUNSHINE  MM
  AVERAGE SKY COVER 0.7


WEATHER CONDITIONS
 THE FOLLOWING WEATHER WAS RECORDED TODAY.
  LIGHT RAIN
  FOG


RELATIVE HUMIDITY (PERCENT)
 HIGHEST    90          1000 AM
 LOWEST     57           300 PM
 AVERAGE    74

..........................................................


THE NORTH CHARLESTON SC CLIMATE NORMALS FOR TOMORROW
                         NORMAL    RECORD    YEAR
 MAXIMUM TEMPERATURE (F)   74        91      2012
 MINIMUM TEMPERATURE (F)   50        36      1942


SUNRISE AND SUNSET
APRIL  1 2015.........SUNRISE   708 AM EDT   SUNSET   740 PM EDT
APRIL  2 2015.........SUNRISE   707 AM EDT   SUNSET   741 PM EDT


-  INDICATES NEGATIVE NUMBERS.
R  INDICATES RECORD WAS SET OR TIED.
MM INDICATES DATA IS MISSING.
T  INDICATES TRACE AMOUNT.




$$
