000
CDUS42 KCHS 070510
CLICHS


CLIMATE REPORT
NATIONAL WEATHER SERVICE CHARLESTON SC
108 AM EDT THU MAY 7 2015


...................................

...THE NORTH CHARLESTON SC CLIMATE SUMMARY FOR MAY 6 2015...

CLIMATE NORMAL PERIOD 1981 TO 2010
CLIMATE RECORD PERIOD 1938 TO 2015


WEATHER ITEM   OBSERVED TIME   RECORD YEAR NORMAL DEPARTURE LAST
                VALUE   (LST)  VALUE       VALUE  FROM      YEAR
                                                  NORMAL
..................................................................
TEMPERATURE (F)
 YESTERDAY
  MAXIMUM         82        MM  95    1952  81      1       93
  MINIMUM         61        MM  44    1973  59      2       69
  AVERAGE         72                        70      2       81

PRECIPITATION (IN)
  YESTERDAY        0.00          1.30 1984   0.09  -0.09     0.00
  MONTH TO DATE    0.00                      0.56  -0.56      T
  SINCE MAR 1      5.93                      7.18  -1.25    10.91
  SINCE JAN 1     13.86                     13.85   0.01    15.76

DEGREE DAYS
 HEATING
  YESTERDAY        0                         1     -1        0
  MONTH TO DATE    4                         6     -2        0
  SINCE MAR 1    210                       333   -123      352
  SINCE JUL 1   1947                      1969    -22     1875

 COOLING
  YESTERDAY        7                         6      1       16
  MONTH TO DATE   17                        31    -14       56
  SINCE MAR 1    177                       142     35      204
  SINCE JAN 1    181                       149     32      214
..................................................................


WIND (MPH)
  HIGHEST WIND SPEED    15   HIGHEST WIND DIRECTION    NE (40)
  HIGHEST GUST SPEED    23   HIGHEST GUST DIRECTION    NE (40)
  AVERAGE WIND SPEED     8.5


SKY COVER
  POSSIBLE SUNSHINE  MM
  AVERAGE SKY COVER 0.7


WEATHER CONDITIONS
 THE FOLLOWING WEATHER WAS RECORDED YESTERDAY.
  NO SIGNIFICANT WEATHER WAS OBSERVED.


RELATIVE HUMIDITY (PERCENT)
 HIGHEST    97           100 AM
 LOWEST     42           300 PM
 AVERAGE    70

..........................................................


THE NORTH CHARLESTON SC CLIMATE NORMALS FOR TODAY
                         NORMAL    RECORD    YEAR
 MAXIMUM TEMPERATURE (F)   81        93      1977
 MINIMUM TEMPERATURE (F)   59        45      1957


SUNRISE AND SUNSET
MAY  7 2015...........SUNRISE   627 AM EDT   SUNSET   806 PM EDT
MAY  8 2015...........SUNRISE   627 AM EDT   SUNSET   807 PM EDT


-  INDICATES NEGATIVE NUMBERS.
R  INDICATES RECORD WAS SET OR TIED.
MM INDICATES DATA IS MISSING.
T  INDICATES TRACE AMOUNT.




$$
