000
CDUS46 KLOX 280115
CLICMA


CLIMATE REPORT
NATIONAL WEATHER SERVICE LOS ANGELES/OXNARD CA
614 PM PDT MON APR 27 2015


...................................

...THE CAMARILLO CLIMATE SUMMARY FOR APRIL 27 2015...
VALID TODAY AS OF 0600 PM LOCAL TIME.

CLIMATE NORMAL PERIOD 1981 TO 2010
CLIMATE RECORD PERIOD 1948 TO 2015


WEATHER ITEM   OBSERVED TIME   RECORD YEAR NORMAL DEPARTURE LAST
                VALUE   (LST)  VALUE       VALUE  FROM      YEAR
                                                  NORMAL
..................................................................
TEMPERATURE (F)
 TODAY
  MAXIMUM         90   1156 AM  98    2008  70     20       70
  MINIMUM         50    518 AM  39    1961  48      2       49
  AVERAGE         70                        59     11       60

PRECIPITATION (IN)
  TODAY            0.00          0.60 1953   0.04  -0.04     0.00
  MONTH TO DATE    0.12                      0.71  -0.59     0.05
  SINCE OCT 1      8.13                     14.54  -6.41     4.96
  SINCE JAN 1      3.22                     10.54  -7.32     4.18

SNOWFALL (IN)
  TODAY            0.0
  MONTH TO DATE    0.0
  SINCE MAR 1      0.0
  SINCE JUL 1      0.0

DEGREE DAYS
 HEATING
  TODAY            0                         6     -6        5
  MONTH TO DATE  117                       189    -72      144
  SINCE MAR 1    208                       466   -258      295
  SINCE JUL 1    865                      1802   -937     1248

 COOLING
  TODAY            5                         0      5        0
  MONTH TO DATE    8                         0      8        2
  SINCE MAR 1     64                         4     60       14
  SINCE JAN 1    103                        13     90       42
..................................................................


WIND (MPH)
  HIGHEST WIND SPEED    32   HIGHEST WIND DIRECTION    NE (60)
  HIGHEST GUST SPEED    38   HIGHEST GUST DIRECTION     E (70)
  AVERAGE WIND SPEED    11.8


SKY COVER
  POSSIBLE SUNSHINE  MM
  AVERAGE SKY COVER 0.0


WEATHER CONDITIONS
 THE FOLLOWING WEATHER WAS RECORDED TODAY.
  NO SIGNIFICANT WEATHER WAS OBSERVED.


RELATIVE HUMIDITY (PERCENT)
 HIGHEST    77           100 AM
 LOWEST      9          1200 PM
 AVERAGE    43

..........................................................


THE CAMARILLO CLIMATE NORMALS FOR TOMORROW
                         NORMAL    RECORD    YEAR
 MAXIMUM TEMPERATURE (F)   70        88      2008
 MINIMUM TEMPERATURE (F)   49        38      1970


SUNRISE AND SUNSET
APRIL 27 2015.........SUNRISE   611 AM PDT   SUNSET   737 PM PDT
APRIL 28 2015.........SUNRISE   610 AM PDT   SUNSET   738 PM PDT


-  INDICATES NEGATIVE NUMBERS.
R  INDICATES RECORD WAS SET OR TIED.
MM INDICATES DATA IS MISSING.
T  INDICATES TRACE AMOUNT.




$$
