000
CDUS43 KILX 042129
CLICMI


CLIMATE REPORT
NATIONAL WEATHER SERVICE LINCOLN IL
429 PM CDT MON MAY 4 2015


...................................

...THE CHAMPAIGN IL AIRPORT CLIMATE SUMMARY FOR MAY 4 2015...
VALID TODAY AS OF 0400 PM LOCAL TIME.

CLIMATE NORMAL PERIOD 1981 TO 2010
CLIMATE RECORD PERIOD 9999 TO 9999


WEATHER ITEM   OBSERVED TIME   RECORD YEAR NORMAL DEPARTURE LAST
                VALUE   (LST)  VALUE       VALUE  FROM      YEAR
                                                  NORMAL
..................................................................
TEMPERATURE (F)
 TODAY
  MAXIMUM         82    155 PM  MM      MM  71     11       70
  MINIMUM         60    628 AM  MM      MM  47     13       46
  AVERAGE         71                        59     12       58

PRECIPITATION (IN)
  TODAY            0.09         MM      MM   0.17  -0.08     0.00
  MONTH TO DATE    0.09                      0.65  -0.56     0.01
  SINCE MAR 1      4.24                      7.19  -2.95     5.16
  SINCE JAN 1      5.91                     11.26  -5.35     7.91

DEGREE DAYS
 HEATING
  TODAY            0                         7     -7        7
  MONTH TO DATE   13                        30    -17       45
  SINCE MAR 1   1214                      1192     22     1316
  SINCE JUL 1   6090                      5694    396     6397

 COOLING
  TODAY            6                         1      5        0
  MONTH TO DATE   13                         4      9        0
  SINCE MAR 1     16                        15      1        3
  SINCE JAN 1     16                        15      1        3
..................................................................


WIND (MPH)
  HIGHEST WIND SPEED    21   HIGHEST WIND DIRECTION    SW (240)
  HIGHEST GUST SPEED    24   HIGHEST GUST DIRECTION    SW (240)
  AVERAGE WIND SPEED    13.6


SKY COVER
  POSSIBLE SUNSHINE  MM
  AVERAGE SKY COVER 0.5


WEATHER CONDITIONS
 THE FOLLOWING WEATHER WAS RECORDED TODAY.
  THUNDERSTORM
  LIGHT RAIN
  FOG


RELATIVE HUMIDITY (PERCENT)
 HIGHEST    87           900 AM
 LOWEST     40           200 PM
 AVERAGE    64

..........................................................


THE CHAMPAIGN IL AIRPORT CLIMATE NORMALS FOR TOMORROW
                         NORMAL    RECORD    YEAR
 MAXIMUM TEMPERATURE (F)   71        MM        MM
 MINIMUM TEMPERATURE (F)   47        MM        MM


SUNRISE AND SUNSET
MAY  4 2015...........SUNRISE   550 AM CDT   SUNSET   751 PM CDT
MAY  5 2015...........SUNRISE   549 AM CDT   SUNSET   752 PM CDT


-  INDICATES NEGATIVE NUMBERS.
R  INDICATES RECORD WAS SET OR TIED.
MM INDICATES DATA IS MISSING.
T  INDICATES TRACE AMOUNT.




$$
