000
CDUS45 KRIW 050742
CLICPR


CLIMATE REPORT
NATIONAL WEATHER SERVICE RIVERTON WY
142 AM MDT TUE MAY 5 2015


...................................

...THE CASPER WY CLIMATE SUMMARY FOR MAY 4 2015...

CLIMATE NORMAL PERIOD 1981 TO 2010
CLIMATE RECORD PERIOD 1939 TO 2015


WEATHER ITEM   OBSERVED TIME   RECORD YEAR NORMAL DEPARTURE LAST
                VALUE   (LST)  VALUE       VALUE  FROM      YEAR
                                                  NORMAL
..................................................................
TEMPERATURE (F)
 YESTERDAY
  MAXIMUM         68    125 PM  85    2000  63      5       78
  MINIMUM         37    508 AM  24    1950  34      3       39
  AVERAGE         53                        48      5       59

PRECIPITATION (IN)
  YESTERDAY        0.04          1.39 1971   0.06  -0.02     0.00
  MONTH TO DATE    0.07                      0.24  -0.17     0.00
  SINCE MAR 1      2.37                      2.35   0.02     2.79
  SINCE JAN 1      3.68                      3.43   0.25     4.27

SNOWFALL (IN)
  YESTERDAY        0.0                       0.2   -0.2      0.0
  MONTH TO DATE    0.0                       0.8   -0.8      0.0
  SINCE MAR 1     14.0                      23.3   -9.3     24.5
  SINCE JUL 1     65.4                      72.7   -7.3     90.7
  SNOW DEPTH       0

DEGREE DAYS
 HEATING
  YESTERDAY       12                        17     -5        6
  MONTH TO DATE   49                        69    -20       45
  SINCE MAR 1   1450                      1663   -213     1617
  SINCE JUL 1   6501                      7111   -610     7381

 COOLING
  YESTERDAY        0                         0      0        0
  MONTH TO DATE    0                         0      0        0
  SINCE MAR 1      0                         0      0        0
  SINCE JAN 1      0                         0      0        0
..................................................................


WIND (MPH)
  HIGHEST WIND SPEED    17   HIGHEST WIND DIRECTION     E (80)
  HIGHEST GUST SPEED    20   HIGHEST GUST DIRECTION     E (100)
  AVERAGE WIND SPEED     4.5


SKY COVER
  POSSIBLE SUNSHINE  MM
  AVERAGE SKY COVER 0.4


WEATHER CONDITIONS
 THE FOLLOWING WEATHER WAS RECORDED YESTERDAY.
  THUNDERSTORM
  LIGHT RAIN
  FOG
  FOG W/VISIBILITY <= 1/4 MILE


RELATIVE HUMIDITY (PERCENT)
 HIGHEST   100           100 AM
 LOWEST     43           100 PM
 AVERAGE    72

..........................................................


THE CASPER WY CLIMATE NORMALS FOR TODAY
                         NORMAL    RECORD    YEAR
 MAXIMUM TEMPERATURE (F)   63        88      2000
 MINIMUM TEMPERATURE (F)   34        20      2010
                                             1950


SUNRISE AND SUNSET
MAY  5 2015...........SUNRISE   555 AM MDT   SUNSET   811 PM MDT
MAY  6 2015...........SUNRISE   554 AM MDT   SUNSET   812 PM MDT


-  INDICATES NEGATIVE NUMBERS.
R  INDICATES RECORD WAS SET OR TIED.
MM INDICATES DATA IS MISSING.
T  INDICATES TRACE AMOUNT.




$$
