000
CDUS42 KILM 250847
CLICRE


CLIMATE REPORT
NATIONAL WEATHER SERVICE WILMINGTON NC
447 AM EDT SAT APR 25 2015


...................................

...THE NORTH MYRTLE BEACH SC CLIMATE SUMMARY FOR APRIL 24 2015...

CLIMATE NORMAL PERIOD 1981 TO 2010
CLIMATE RECORD PERIOD 1949 TO 2015


WEATHER ITEM   OBSERVED TIME   RECORD YEAR NORMAL DEPARTURE LAST
                VALUE   (LST)  VALUE       VALUE  FROM      YEAR
                                                  NORMAL
..................................................................
TEMPERATURE (F)
 YESTERDAY
  MAXIMUM         71    232 PM  86    1950  74     -3       68
  MINIMUM         50    558 AM  35    1993  54     -4       44
  AVERAGE         61                        64     -3       56

PRECIPITATION (IN)
  YESTERDAY        0.00                      0.09  -0.09     0.00
  MONTH TO DATE    2.92                      2.43   0.49     1.98
  SINCE MAR 1      5.35                      6.35  -1.00     6.72
  SINCE JAN 1     12.54                     13.46  -0.92    10.84

SNOWFALL (IN)
  YESTERDAY       MM
  MONTH TO DATE   MM
  SINCE MAR 1     MM
  SINCE JUL 1     MM
  SNOW DEPTH      MM

DEGREE DAYS
 HEATING
  YESTERDAY        4                         3      1        9
  MONTH TO DATE   34                       126    -92      105
  SINCE MAR 1    334                       464   -130      553
  SINCE JUL 1   2389                      2408    -19     2577

 COOLING
  YESTERDAY        0                         2     -2        0
  MONTH TO DATE   45                        25     20       16
  SINCE MAR 1     52                        28     24       16
  SINCE JAN 1     53                        28     25       16
..................................................................


WIND (MPH)
  HIGHEST WIND SPEED    20   HIGHEST WIND DIRECTION    NE (40)
  HIGHEST GUST SPEED    24   HIGHEST GUST DIRECTION    NE (40)
  AVERAGE WIND SPEED     9.3


SKY COVER
  POSSIBLE SUNSHINE  MM
  AVERAGE SKY COVER 0.0


WEATHER CONDITIONS
 THE FOLLOWING WEATHER WAS RECORDED YESTERDAY.
  NO SIGNIFICANT WEATHER WAS OBSERVED.


RELATIVE HUMIDITY (PERCENT)
 HIGHEST    90          1200 AM
 LOWEST     22           100 PM
 AVERAGE    56

..........................................................


THE NORTH MYRTLE BEACH SC CLIMATE NORMALS FOR TODAY
                         NORMAL    RECORD    YEAR
 MAXIMUM TEMPERATURE (F)   74        84      2006
                                             1990
 MINIMUM TEMPERATURE (F)   55        41      1993


SUNRISE AND SUNSET
APRIL 25 2015.........SUNRISE   633 AM EDT   SUNSET   754 PM EDT
APRIL 26 2015.........SUNRISE   632 AM EDT   SUNSET   754 PM EDT


-  INDICATES NEGATIVE NUMBERS.
R  INDICATES RECORD WAS SET OR TIED.
MM INDICATES DATA IS MISSING.
T  INDICATES TRACE AMOUNT.




$$
