000
CDUS41 KRLX 070718
CLICRW


CLIMATE REPORT
NATIONAL WEATHER SERVICE CHARLESTON WV
316 AM EDT THU MAY 7 2015


...................................

...THE CHARLESTON WV CLIMATE SUMMARY FOR MAY 6 2015...

CLIMATE NORMAL PERIOD 1981 TO 2010
CLIMATE RECORD PERIOD 1901 TO 2015


WEATHER ITEM   OBSERVED TIME   RECORD YEAR NORMAL DEPARTURE LAST
                VALUE   (LST)  VALUE       VALUE  FROM      YEAR
                                                  NORMAL
..................................................................
TEMPERATURE (F)
 YESTERDAY
  MAXIMUM         87    516 PM  94    1932  73     14       79
  MINIMUM         55    448 AM  31    1968  50      5       48
  AVERAGE         71                        61     10       64

PRECIPITATION (IN)
  YESTERDAY        0.00          1.03 1971   0.15  -0.15     0.00
  MONTH TO DATE    0.02                      0.85  -0.83     0.02
  SINCE JAN 1     17.28                     14.19   3.09    13.77

SNOWFALL (IN)
  YESTERDAY        0.0
  MONTH TO DATE    0.0
  SINCE SEP 1     29.1
  SNOW DEPTH       0

DEGREE DAYS
 HEATING
  YESTERDAY        0                         5     -5        1
  MONTH TO DATE   18                        33    -15       32
  SINCE MAR 1    894                       927    -33      951
  SINCE JUL 1   4799                      4381    418     4718

 COOLING
  YESTERDAY        6                         1      5        0
  MONTH TO DATE   13                         6      7        0
  SINCE MAR 1     28                        38    -10       18
  SINCE JAN 1     28                        38    -10       18
..................................................................


WIND (MPH)
  HIGHEST WIND SPEED     9   HIGHEST WIND DIRECTION    NW (330)
  HIGHEST GUST SPEED    14   HIGHEST GUST DIRECTION    NW (330)
  AVERAGE WIND SPEED     1.2


SKY COVER
  POSSIBLE SUNSHINE  MM
  AVERAGE SKY COVER 0.3


WEATHER CONDITIONS
 THE FOLLOWING WEATHER WAS RECORDED YESTERDAY.
  FOG


RELATIVE HUMIDITY (PERCENT)
 HIGHEST    93           300 AM
 LOWEST     29           600 PM
 AVERAGE    61

..........................................................


THE CHARLESTON WV CLIMATE NORMALS FOR TODAY
                         NORMAL    RECORD    YEAR
 MAXIMUM TEMPERATURE (F)   73        94      1930
 MINIMUM TEMPERATURE (F)   50        29      1968


SUNRISE AND SUNSET
MAY  7 2015...........SUNRISE   623 AM EDT   SUNSET   823 PM EDT
MAY  8 2015...........SUNRISE   622 AM EDT   SUNSET   824 PM EDT


-  INDICATES NEGATIVE NUMBERS.
R  INDICATES RECORD WAS SET OR TIED.
MM INDICATES DATA IS MISSING.
T  INDICATES TRACE AMOUNT.




$$
