000
CDUS45 KTFX 172223
CLICTB


CLIMATE REPORT
NATIONAL WEATHER SERVICE GREAT FALLS MT
422 PM MDT FRI APR 17 2015


...................................

...THE CUT BANK MT CLIMATE SUMMARY FOR APRIL 17 2015...
VALID TODAY AS OF 0400 PM LOCAL TIME.

CLIMATE NORMAL PERIOD 1981 TO 2010
CLIMATE RECORD PERIOD 1903 TO 2015


WEATHER ITEM   OBSERVED TIME   RECORD YEAR NORMAL DEPARTURE LAST
                VALUE   (LST)  VALUE       VALUE  FROM      YEAR
                                                  NORMAL
..................................................................
TEMPERATURE (F)
 TODAY
  MAXIMUM         68    259 PM  80    1923  54     14       54
  MINIMUM         32    524 AM  10    1970  29      3       20
  AVERAGE         50                        41      9       37

PRECIPITATION (IN)
  TODAY            0.00          0.68 1978   0.03  -0.03     0.00
  MONTH TO DATE    0.13                      0.38  -0.25     0.61
  SINCE OCT 1      3.80                      2.31   1.49     3.73
  SINCE JAN 1      1.27                      1.29  -0.02     2.53

SNOWFALL (IN)
  TODAY           MM
  SNOW DEPTH       0

DEGREE DAYS
 HEATING
  TODAY           15                        24     -9       28
  MONTH TO DATE  446                       440      6      429
  SINCE MAR 1   1220                      1478   -258     1651
  SINCE JUL 1   6882                      7538   -656     7857

 COOLING
  TODAY            0                         0      0        0
  MONTH TO DATE    0                         0      0        0
  SINCE MAR 1      0                         0      0        0
  SINCE JAN 1      0                         0      0        0
..................................................................


WIND (MPH)
  HIGHEST WIND SPEED    18   HIGHEST WIND DIRECTION     S (200)
  HIGHEST GUST SPEED    25   HIGHEST GUST DIRECTION     S (190)
  AVERAGE WIND SPEED     9.4


SKY COVER
  AVERAGE SKY COVER 0.0


WEATHER CONDITIONS
 THE FOLLOWING WEATHER WAS RECORDED TODAY.
  NO SIGNIFICANT WEATHER WAS OBSERVED.


RELATIVE HUMIDITY (PERCENT)
 HIGHEST    69           500 AM
 LOWEST     22           200 PM
 AVERAGE    46

..........................................................


THE CUT BANK MT CLIMATE NORMALS FOR TOMORROW
                         NORMAL    RECORD    YEAR
 MAXIMUM TEMPERATURE (F)   54        81      1936
 MINIMUM TEMPERATURE (F)   29         3      1951


SUNRISE AND SUNSET
APRIL 17 2015.........SUNRISE   636 AM MDT   SUNSET   824 PM MDT
APRIL 18 2015.........SUNRISE   634 AM MDT   SUNSET   825 PM MDT


-  INDICATES NEGATIVE NUMBERS.
R  INDICATES RECORD WAS SET OR TIED.
MM INDICATES DATA IS MISSING.
T  INDICATES TRACE AMOUNT.




$$
