000
CDUS42 KTAE 260632
CLICTY


CLIMATE REPORT
NATIONAL WEATHER SERVICE TALLAHASSEE FL
231 AM EDT SUN APR 26 2015


...................................

...THE CROSS CITY  CLIMATE SUMMARY FOR APRIL 25 2015...

CLIMATE NORMAL PERIOD 1981 TO 2010
CLIMATE RECORD PERIOD 1948 TO 2015


WEATHER ITEM   OBSERVED TIME   NORMAL DEPARTURE LAST
                VALUE   (LST)  VALUE  FROM      YEAR
                                      NORMAL
......................................................
TEMPERATURE (F)
 YESTERDAY
  MAXIMUM         85    158 PM  82      3       83
  MINIMUM         66    558 AM  55     11       60
  AVERAGE         76            69      7

PRECIPITATION (IN)
  YESTERDAY        0.19          0.07   0.12     0.00
  MONTH TO DATE    1.38          2.70  -1.32     3.83
  SINCE MAR 1      2.75          6.91  -4.16     8.79
  SINCE JAN 1      8.72         14.22  -5.50    18.94

DEGREE DAYS
 HEATING
  YESTERDAY        0             1     -1
  MONTH TO DATE    0            46    -46
  SINCE MAR 1     52           181   -129
  SINCE JUL 1   1212          1301    -89

 COOLING
  YESTERDAY       11             4      7
  MONTH TO DATE  231            82    149
  SINCE MAR 1    387           129    258
  SINCE JAN 1    403           156    247
......................................................


WIND (MPH)
  RESULTANT WIND SPEED   7   RESULTANT WIND DIRECTION  SW (220)
  HIGHEST WIND SPEED    21   HIGHEST WIND DIRECTION     W (270)
  HIGHEST GUST SPEED    28   HIGHEST GUST DIRECTION     W (260)
  AVERAGE WIND SPEED     8.8



WEATHER CONDITIONS
 THE FOLLOWING WEATHER WAS RECORDED YESTERDAY.
  NO SIGNIFICANT WEATHER WAS OBSERVED.


RELATIVE HUMIDITY (PERCENT)
 HIGHEST    91
 LOWEST     69

..........................................................




SUNRISE AND SUNSET
APRIL 26 2015.........SUNRISE   655 AM EDT   SUNSET   806 PM EDT
APRIL 27 2015.........SUNRISE   654 AM EDT   SUNSET   807 PM EDT


-  INDICATES NEGATIVE NUMBERS.
R  INDICATES RECORD WAS SET OR TIED.
MM INDICATES DATA IS MISSING.
T  INDICATES TRACE AMOUNT.




$$
