000
CDUS41 KILN 280548
CLICVG


CLIMATE REPORT
NATIONAL WEATHER SERVICE WILMINGTON OH
130 AM EDT TUE APR 28 2015


...................................

...THE CINCINNATI OH CLIMATE SUMMARY FOR APRIL 27 2015...

CLIMATE NORMAL PERIOD 1981 TO 2010
CLIMATE RECORD PERIOD 1869 TO 2015


WEATHER ITEM   OBSERVED TIME   RECORD YEAR NORMAL DEPARTURE LAST
                VALUE   (LST)  VALUE       VALUE  FROM      YEAR
                                                  NORMAL
..................................................................
TEMPERATURE (F)
 YESTERDAY
  MAXIMUM         63    235 PM  86    1990  69     -6       77
                                      1986
                                      1914
  MINIMUM         34    507 AM  30    1996  48    -14       50
  AVERAGE         49                        58     -9       64

PRECIPITATION (IN)
  YESTERDAY        0.00          1.35 2011   0.14  -0.14     0.00
  MONTH TO DATE    5.01                      3.48   1.53     5.04
  SINCE MAR 1     11.33                      7.44   3.89     7.45
  SINCE JAN 1     15.48                     13.25   2.23    12.99

SNOWFALL (IN)
  YESTERDAY        0.0                       0.0    0.0      0.0
  MONTH TO DATE    0.0                       0.5   -0.5      0.6
  SINCE MAR 1      4.9                       3.5    1.4      3.9
  SINCE JUL 1     29.9                      22.1    7.8     47.5
  SNOW DEPTH       0

DEGREE DAYS
 HEATING
  YESTERDAY       16                         8      8        1
  MONTH TO DATE  243                       319    -76      263
  SINCE MAR 1    948                       985    -37     1045
  SINCE JUL 1   5175                      4812    363     5289

 COOLING
  YESTERDAY        0                         1     -1        0
  MONTH TO DATE    5                        15    -10        7
  SINCE MAR 1      5                        15    -10        7
  SINCE JAN 1      5                        15    -10        7
..................................................................


WIND (MPH)
  RESULTANT WIND SPEED   7   RESULTANT WIND DIRECTION   N (350)
  HIGHEST WIND SPEED    20   HIGHEST WIND DIRECTION     N (350)
  HIGHEST GUST SPEED    24   HIGHEST GUST DIRECTION     N (360)
  AVERAGE WIND SPEED     8.0


SKY COVER
  POSSIBLE SUNSHINE  MM
  AVERAGE SKY COVER 0.4


WEATHER CONDITIONS
 THE FOLLOWING WEATHER WAS RECORDED YESTERDAY.
  NO SIGNIFICANT WEATHER WAS OBSERVED.


RELATIVE HUMIDITY (PERCENT)
 HIGHEST    92           400 AM
 LOWEST     39          1200 PM
 AVERAGE    66

..........................................................


THE CINCINNATI OH CLIMATE NORMALS FOR TODAY
                         NORMAL    RECORD    YEAR
 MAXIMUM TEMPERATURE (F)   69        85      1981
                                             1915
                                             1914
 MINIMUM TEMPERATURE (F)   48        29      1934


SUNRISE AND SUNSET
APRIL 28 2015.........SUNRISE   645 AM EDT   SUNSET   828 PM EDT
APRIL 29 2015.........SUNRISE   643 AM EDT   SUNSET   829 PM EDT


-  INDICATES NEGATIVE NUMBERS.
R  INDICATES RECORD WAS SET OR TIED.
MM INDICATES DATA IS MISSING.
T  INDICATES TRACE AMOUNT.




$$
