000
CDUS42 KMLB 182028
CLIDAB


CLIMATE REPORT
NATIONAL WEATHER SERVICE MELBOURNE FL
427 PM EDT SAT APR 18 2015


...................................

...THE DAYTONA BEACH CLIMATE SUMMARY FOR APRIL 18 2015...
VALID TODAY AS OF 0400 PM LOCAL TIME.

CLIMATE NORMAL PERIOD 1981 TO 2010
CLIMATE RECORD PERIOD 1923 TO 2015


WEATHER ITEM   OBSERVED TIME   RECORD YEAR NORMAL DEPARTURE LAST
                VALUE   (LST)  VALUE       VALUE  FROM      YEAR
                                                  NORMAL
..................................................................
TEMPERATURE (F)
 TODAY
  MAXIMUM         88    119 PM  92    1967  80      8       79
  MINIMUM         69    334 AM  45    2001  59     10       67
                                      1952
  AVERAGE         79                        69     10       73

PRECIPITATION (IN)
  TODAY            0.00          2.89 1978   0.07  -0.07     0.59
  MONTH TO DATE    4.32                      1.47   2.85     2.22
  SINCE MAR 1      5.18                      5.71  -0.53     6.94
  SINCE JAN 1     10.61                     11.23  -0.62    13.52

SNOWFALL (IN)
  TODAY            0.0
  MONTH TO DATE    0.0
  SINCE JUL 1      0.0

DEGREE DAYS
 HEATING
  TODAY            0                         1     -1        0
  MONTH TO DATE    0                        21    -21        9
  SINCE MAR 1     35                       118    -83       89
  SINCE JUL 1    682                       800   -118      602

 COOLING
  TODAY           14                         5      9        8
  MONTH TO DATE  183                        74    109       94
  SINCE MAR 1    373                       151    222      153
  SINCE JAN 1    413                       216    197      237
..................................................................


WIND (MPH)
  HIGHEST WIND SPEED    14   HIGHEST WIND DIRECTION     W (260)
  HIGHEST GUST SPEED    19   HIGHEST GUST DIRECTION     W (270)
  AVERAGE WIND SPEED     3.5


SKY COVER
  AVERAGE SKY COVER 0.8


WEATHER CONDITIONS
 THE FOLLOWING WEATHER WAS RECORDED TODAY.
  FOG


RELATIVE HUMIDITY (PERCENT)
 HIGHEST   100           100 AM
 LOWEST     55           100 PM
 AVERAGE    78

..........................................................


THE DAYTONA BEACH CLIMATE NORMALS FOR TOMORROW
                         NORMAL    RECORD    YEAR
 MAXIMUM TEMPERATURE (F)   80        92      1968
 MINIMUM TEMPERATURE (F)   59        43      2001
                                             1997


SUNRISE AND SUNSET
APRIL 18 2015.........SUNRISE   655 AM EDT   SUNSET   752 PM EDT
APRIL 19 2015.........SUNRISE   654 AM EDT   SUNSET   753 PM EDT


-  INDICATES NEGATIVE NUMBERS.
R  INDICATES RECORD WAS SET OR TIED.
MM INDICATES DATA IS MISSING.
T  INDICATES TRACE AMOUNT.




$$
