000
CDUS41 KRNK 190548
CLIDAN


CLIMATE REPORT
NATIONAL WEATHER SERVICE BLACKSBURG VA
147 AM EDT SUN APR 19 2015


...................................

...THE DANVILLE VA CLIMATE SUMMARY FOR APRIL 18 2015...

CLIMATE NORMAL PERIOD 1981 TO 2010
CLIMATE RECORD PERIOD 1948 TO 2015


WEATHER ITEM   OBSERVED TIME   RECORD YEAR NORMAL DEPARTURE LAST
                VALUE   (LST)  VALUE       VALUE  FROM      YEAR
                                                  NORMAL
..................................................................
TEMPERATURE (F)
 YESTERDAY
  MAXIMUM         83    501 PM  91    2002  71     12       59
  MINIMUM         58    354 AM  30    1951  48     10       38
  AVERAGE         71                        59     12

PRECIPITATION (IN)
  YESTERDAY        0.00          0.54 1998   0.11  -0.11      T
  MONTH TO DATE    1.83                      2.13  -0.30     2.93
  SINCE MAR 1      3.95                      6.24  -2.29     6.13
  SINCE JAN 1      7.74                     12.67  -4.93    11.25

SNOWFALL (IN)
  YESTERDAY        0.0
  MONTH TO DATE    0.0
  SINCE MAR 1      T
  SINCE JUL 1      9.8
  SNOW DEPTH       0

DEGREE DAYS
 HEATING
  YESTERDAY        0                         7     -7
  MONTH TO DATE   79                       166    -87
  SINCE MAR 1    551                       676   -125
  SINCE JUL 1   3645                      3677    -32

 COOLING
  YESTERDAY        6                         1      5
  MONTH TO DATE   28                        17     11
  SINCE MAR 1     28                        20      8
  SINCE JAN 1     28                        20      8
..................................................................


WIND (MPH)
  HIGHEST WIND SPEED    15   HIGHEST WIND DIRECTION    NE (60)
  HIGHEST GUST SPEED    18   HIGHEST GUST DIRECTION    NE (60)
  AVERAGE WIND SPEED     3.7


SKY COVER
  POSSIBLE SUNSHINE  MM
  AVERAGE SKY COVER 0.3


WEATHER CONDITIONS
 THE FOLLOWING WEATHER WAS RECORDED YESTERDAY.
  FOG


RELATIVE HUMIDITY (PERCENT)
 HIGHEST    97           200 AM
 LOWEST     40           400 PM
 AVERAGE    69

..........................................................


THE DANVILLE VA CLIMATE NORMALS FOR TODAY
                         NORMAL    RECORD    YEAR
 MAXIMUM TEMPERATURE (F)   71        94      1976
 MINIMUM TEMPERATURE (F)   48        29      1983


SUNRISE AND SUNSET
APRIL 19 2015.........SUNRISE   639 AM EDT   SUNSET   755 PM EDT
APRIL 20 2015.........SUNRISE   637 AM EDT   SUNSET   756 PM EDT


-  INDICATES NEGATIVE NUMBERS.
R  INDICATES RECORD WAS SET OR TIED.
MM INDICATES DATA IS MISSING.
T  INDICATES TRACE AMOUNT.

REMARKS:
DUE TO EQUIPMENT FAILURE RESULTING IN MISSING TEMPERATURE DATA ON
FEBRUARY 15...THE SEASONAL TOTAL AND DEPARTURE FROM NORMAL FOR HDD
WILL BE CALCULATED WITHOUT DATA FROM THIS DATE. ALSO...DUE TO A
TIPPING BUCKET FAILURE RESULTING IN MISSING PRECIPITATION DATA ON
MARCH 14 AND 19-20...THE SEASONAL AND ANNUAL TOTALS AND DEPARTURES
FROM NORMAL FOR PRECIPITATION WILL BE CALCULATED WITHOUT DATA FROM
THOSE DATES.

$$

MBS
