000
CDUS44 KSHV 252147
CLIDEQ


CLIMATE REPORT
NATIONAL WEATHER SERVICE SHREVEPORT, LA
444 PM CDT SAT APR 25 2015


...................................

...THE DE QUEEN CLIMATE SUMMARY FOR APRIL 25 2015...
VALID TODAY AS OF 0400 PM LOCAL TIME.

CLIMATE NORMAL PERIOD 1981 TO 2010
CLIMATE RECORD PERIOD 1902 TO 2015


WEATHER ITEM   OBSERVED TIME   RECORD YEAR NORMAL DEPARTURE LAST
                VALUE   (LST)  VALUE       VALUE  FROM      YEAR
                                                  NORMAL
..................................................................
TEMPERATURE (F)
 TODAY
  MAXIMUM         83    259 PM  88    1955  76      7       79
  MINIMUM         62    230 AM  34    2013  52     10       41
  AVERAGE         73                        64      9       60

PRECIPITATION (IN)
  TODAY            0.00          5.22 2011   0.16  -0.16     0.00
  MONTH TO DATE    2.30                      3.04  -0.74     3.31
  SINCE DEC 1     17.59                     19.04  -1.45    10.33
  SINCE JAN 1     15.87                     14.68   1.19     8.40

SNOWFALL (IN)
  TODAY            0.0
  MONTH TO DATE    0.0
  SINCE MAR 1      2.6
  SINCE JUL 1      7.9
  SNOW DEPTH       0

DEGREE DAYS
 HEATING
  TODAY            0                         3     -3        5
  MONTH TO DATE   75                       141    -66      162
  SINCE MAR 1    422                       518    -96      623
  SINCE JUL 1   3074                      3009     65     3395

 COOLING
  TODAY            8                         2      6        0
  MONTH TO DATE   49                        28     21       22
  SINCE MAR 1     51                        37     14       23
  SINCE JAN 1     51                        39     12       23
..................................................................


WIND (MPH)
  HIGHEST WIND SPEED    20   HIGHEST WIND DIRECTION     W (260)
  HIGHEST GUST SPEED    25   HIGHEST GUST DIRECTION     W (250)
  AVERAGE WIND SPEED     6.9


SKY COVER
  POSSIBLE SUNSHINE  MM
  AVERAGE SKY COVER 0.5


WEATHER CONDITIONS
 THE FOLLOWING WEATHER WAS RECORDED TODAY.
  FOG


RELATIVE HUMIDITY (PERCENT)
 HIGHEST   100           300 AM
 LOWEST     34           300 PM
 AVERAGE    67

..........................................................


THE DE QUEEN CLIMATE NORMALS FOR TOMORROW
                         NORMAL    RECORD    YEAR
 MAXIMUM TEMPERATURE (F)   77        88      1939
 MINIMUM TEMPERATURE (F)   52        33      1950


SUNRISE AND SUNSET
APRIL 25 2015.........SUNRISE   635 AM CDT   SUNSET   757 PM CDT
APRIL 26 2015.........SUNRISE   634 AM CDT   SUNSET   757 PM CDT


-  INDICATES NEGATIVE NUMBERS.
R  INDICATES RECORD WAS SET OR TIED.
MM INDICATES DATA IS MISSING.
T  INDICATES TRACE AMOUNT.




$$
