000
CDUS45 KCYS 260732
CLIDGW


CLIMATE REPORT
NATIONAL WEATHER SERVICE CHEYENNE WY
131 AM MDT SUN APR 26 2015


...................................

...THE DOUGLAS WY AIRPORT CLIMATE SUMMARY FOR APRIL 25 2015...

CLIMATE NORMAL PERIOD 1981 TO 2010
CLIMATE RECORD PERIOD 1998 TO 2015


WEATHER ITEM   OBSERVED TIME   RECORD YEAR NORMAL DEPARTURE LAST
                VALUE   (LST)  VALUE       VALUE  FROM      YEAR
                                                  NORMAL
..................................................................
TEMPERATURE (F)
 YESTERDAY
  MAXIMUM         65   1127 AM  77    2012  61      4       70
  MINIMUM         38    510 AM  19    2002  32      6       32
  AVERAGE         52                        46      6       51

PRECIPITATION (IN)
  YESTERDAY        0.00          0.42 2009   0.06  -0.06     0.00
  MONTH TO DATE    2.38                      1.18   1.20     0.73
  SINCE JAN 1      3.76                      2.82   0.94     2.97

DEGREE DAYS
 HEATING
  YESTERDAY       13                        19     -6       14
  MONTH TO DATE  526                       550    -24      524
  SINCE MAR 1   1282                      1468   -186     1416
  SINCE JUL 1   6285                      6868   -583     7006

 COOLING
  YESTERDAY        0                         0      0        0
  MONTH TO DATE    0                         0      0        0
  SINCE MAR 1      1                         0      1        0
  SINCE JAN 1      1                         0      1        0
..................................................................


WIND (MPH)
  HIGHEST WIND SPEED    23   HIGHEST WIND DIRECTION    NE (40)
  HIGHEST GUST SPEED    30   HIGHEST GUST DIRECTION    NE (30)
  AVERAGE WIND SPEED     9.1


SKY COVER
  AVERAGE SKY COVER 0.4


WEATHER CONDITIONS
 THE FOLLOWING WEATHER WAS RECORDED YESTERDAY.
  NO SIGNIFICANT WEATHER WAS OBSERVED.


RELATIVE HUMIDITY (PERCENT)
 HIGHEST    92           400 AM
 LOWEST     27           400 PM
 AVERAGE    60

..........................................................


THE DOUGLAS WY AIRPORT CLIMATE NORMALS FOR TODAY
                         NORMAL    RECORD    YEAR
 MAXIMUM TEMPERATURE (F)   61        82      2012
 MINIMUM TEMPERATURE (F)   32        23      2008


SUNRISE AND SUNSET
APRIL 26 2015.........SUNRISE   603 AM MDT   SUNSET   756 PM MDT
APRIL 27 2015.........SUNRISE   602 AM MDT   SUNSET   757 PM MDT


-  INDICATES NEGATIVE NUMBERS.
R  INDICATES RECORD WAS SET OR TIED.
MM INDICATES DATA IS MISSING.
T  INDICATES TRACE AMOUNT.




$$
