000
CDUS44 KBMX 192133
CLIEET


CLIMATE REPORT
NATIONAL WEATHER SERVICE BIRMINGHAM, AL
432 PM CDT SUN APR 19 2015


...................................

...THE SHELBY COUNTY AIRPORT CLIMATE SUMMARY FOR APRIL 19 2015...
VALID AS OF 0400 PM LOCAL TIME.

CLIMATE NORMAL PERIOD 1981 TO 2010
CLIMATE RECORD PERIOD 9999 TO 9999


WEATHER ITEM   OBSERVED TIME   RECORD YEAR NORMAL DEPARTURE LAST
                VALUE   (LST)  VALUE       VALUE  FROM      YEAR
                                                  NORMAL
..................................................................
TEMPERATURE (F)
 TODAY
  MAXIMUM         78    257 PM  MM      MM  75      3       76
  MINIMUM         64    642 AM  MM      MM  52     12       53
  AVERAGE         71                        63      8       65

PRECIPITATION (IN)
  TODAY            0.67                      0.14   0.53     0.05
  MONTH TO DATE    5.12                      2.51   2.61     7.63
  SINCE MAR 1      8.93                      6.99   1.94    14.53
  SINCE JAN 1     18.30                     18.07   0.23    23.06

SNOWFALL (IN)
  TODAY            0.0                      MM     MM        0.0
  MONTH TO DATE    0.0                      MM     MM        0.0
  SINCE MAR 1      T                        MM     MM        0.0
  SINCE JUL 1      T                        MM     MM        1.3
  SNOW DEPTH       0

DEGREE DAYS
 HEATING
  TODAY            0                         4     -4        0
  MONTH TO DATE   13                       100    -87       87
  SINCE MAR 1    221                       409   -188      430
  SINCE JUL 1   2466                      2538    -72     2709

 COOLING
  TODAY            6                         2      4        0
  MONTH TO DATE   79                        29     50       18
  SINCE MAR 1     95                        42     53       18
  SINCE JAN 1     95                        46     49       22
..................................................................


WIND (MPH)
  HIGHEST WIND SPEED    18   HIGHEST WIND DIRECTION    NW (300)
  HIGHEST GUST SPEED    27   HIGHEST GUST DIRECTION     W (290)
  AVERAGE WIND SPEED     7.7


SKY COVER
  POSSIBLE SUNSHINE  MM
  AVERAGE SKY COVER 0.9


WEATHER CONDITIONS
 THE FOLLOWING WEATHER WAS RECORDED TODAY.
  HEAVY RAIN
  RAIN
  LIGHT RAIN
  FOG


RELATIVE HUMIDITY (PERCENT)
 HIGHEST    93          1200 AM
 LOWEST     58           300 PM
 AVERAGE    76

..........................................................


THE SHELBY COUNTY AIRPORT CLIMATE NORMALS FOR TOMORROW
                         NORMAL    RECORD    YEAR
 MAXIMUM TEMPERATURE (F)   75        MM        MM
 MINIMUM TEMPERATURE (F)   52        MM        MM


SUNRISE AND SUNSET
APRIL 19 2015.........SUNRISE   613 AM CDT   SUNSET   720 PM CDT
APRIL 20 2015.........SUNRISE   611 AM CDT   SUNSET   721 PM CDT


-  INDICATES NEGATIVE NUMBERS.
R  INDICATES RECORD WAS SET OR TIED.
MM INDICATES DATA IS MISSING.
T  INDICATES TRACE AMOUNT.




$$
