000
CDUS45 KLKN 210931
CLIEKO


CLIMATE REPORT
NATIONAL WEATHER SERVICE ELKO NV
225 AM PDT TUE APR 21 2015


...................................

...THE ELKO AIRPORT NV CLIMATE SUMMARY FOR APRIL 20 2015...

CLIMATE NORMAL PERIOD 1981 TO 2010
CLIMATE RECORD PERIOD 1888 TO 2015


WEATHER ITEM   OBSERVED TIME   RECORD YEAR NORMAL DEPARTURE LAST
                VALUE   (LST)  VALUE       VALUE  FROM      YEAR
                                                  NORMAL
..................................................................
TEMPERATURE (F)
 YESTERDAY
  MAXIMUM         72    233 PM  82    1994  61     11       67
                                      1915
  MINIMUM         29    311 AM  12    1966  32     -3       34
  AVERAGE         51                        46      5       51

PRECIPITATION (IN)
  YESTERDAY        0.00          0.50 1898   0.03  -0.03     0.00
  MONTH TO DATE    0.40                      0.64  -0.24     0.30
  SINCE OCT 1      3.29                      6.66  -3.37     5.54
  SINCE JAN 1      1.05                      3.60  -2.55     3.93

SNOWFALL (IN)
  YESTERDAY        0.0           1.6  1963   0.0    0.0      0.0
  MONTH TO DATE    2.2                       2.5   -0.3      2.6
  SINCE MAR 1      2.9                       7.6   -4.7      7.9
  SINCE JUL 1     12.3                      40.1  -27.8     20.2
  SNOW DEPTH       0

DEGREE DAYS
 HEATING
  YESTERDAY       14                        19     -5       14
  MONTH TO DATE  426                       420      6      372
  SINCE MAR 1   1058                      1229   -171     1130
  SINCE JUL 1   5066                      6397  -1331     5861

 COOLING
  YESTERDAY        0                         0      0        0
  MONTH TO DATE    0                         0      0        0
  SINCE MAR 1      0                         0      0        0
  SINCE JAN 1      0                         0      0        0
..................................................................


WIND (MPH)
  HIGHEST WIND SPEED    16   HIGHEST WIND DIRECTION     W (280)
  HIGHEST GUST SPEED    20   HIGHEST GUST DIRECTION     W (280)
  AVERAGE WIND SPEED     3.4



WEATHER CONDITIONS
 THE FOLLOWING WEATHER WAS RECORDED YESTERDAY.
  NO SIGNIFICANT WEATHER WAS OBSERVED.


RELATIVE HUMIDITY (PERCENT)
 HIGHEST    59           300 AM
 LOWEST     12           200 PM
 AVERAGE    36

..........................................................


THE ELKO AIRPORT NV CLIMATE NORMALS FOR TODAY
                         NORMAL    RECORD    YEAR
 MAXIMUM TEMPERATURE (F)   61        82      2012
 MINIMUM TEMPERATURE (F)   32        12      2008


SUNRISE AND SUNSET
APRIL 21 2015.........SUNRISE   556 AM PDT   SUNSET   729 PM PDT
APRIL 22 2015.........SUNRISE   554 AM PDT   SUNSET   730 PM PDT


-  INDICATES NEGATIVE NUMBERS.
R  INDICATES RECORD WAS SET OR TIED.
MM INDICATES DATA IS MISSING.
T  INDICATES TRACE AMOUNT.




$$
