000
CDUS44 KSHV 260750
CLIELD


CLIMATE REPORT
NATIONAL WEATHER SERVICE SHREVEPORT, LA
247 AM CDT SUN APR 26 2015


...................................

...THE EL DORADO CLIMATE SUMMARY FOR APRIL 25 2015...

CLIMATE NORMAL PERIOD 1981 TO 2010
CLIMATE RECORD PERIOD 1907 TO 2015


WEATHER ITEM   OBSERVED TIME   RECORD YEAR NORMAL DEPARTURE LAST
                VALUE   (LST)  VALUE       VALUE  FROM      YEAR
                                                  NORMAL
..................................................................
TEMPERATURE (F)
 YESTERDAY
  MAXIMUM         87    355 PM  90    1984  78      9       78
  MINIMUM         59   1159 PM  33    1910  54      5       49
  AVERAGE         73                        66      7       64

PRECIPITATION (IN)
  YESTERDAY        0.00          3.19 1958   0.15  -0.15     0.00
  MONTH TO DATE    3.31                      3.39  -0.08     5.61
  SINCE DEC 1     19.24                     22.41  -3.17    20.74
  SINCE JAN 1     15.91                     17.23  -1.32    14.18

SNOWFALL (IN)
  YESTERDAY        0.0
  MONTH TO DATE    0.0
  SINCE MAR 1      0.7
  SINCE JUL 1      0.7
  SNOW DEPTH       0

DEGREE DAYS
 HEATING
  YESTERDAY        0                         2     -2        1
  MONTH TO DATE   66                       108    -42      145
  SINCE MAR 1    413                       416     -3      587
  SINCE JUL 1   2899                      2644    255     3194

 COOLING
  YESTERDAY        8                         3      5        0
  MONTH TO DATE   81                        54     27       34
  SINCE MAR 1     95                        76     19       39
  SINCE JAN 1     95                        82     13       39
..................................................................


WIND (MPH)
  HIGHEST WIND SPEED    18   HIGHEST WIND DIRECTION    SW (230)
  HIGHEST GUST SPEED    26   HIGHEST GUST DIRECTION    SW (240)
  AVERAGE WIND SPEED     7.0


SKY COVER
  POSSIBLE SUNSHINE  MM
  AVERAGE SKY COVER 0.4


WEATHER CONDITIONS
 THE FOLLOWING WEATHER WAS RECORDED YESTERDAY.
  RAIN
  FOG
  HAZE


RELATIVE HUMIDITY (PERCENT)
 HIGHEST   100           500 AM
 LOWEST     32           300 PM
 AVERAGE    66

..........................................................


THE EL DORADO CLIMATE NORMALS FOR TODAY
                         NORMAL    RECORD    YEAR
 MAXIMUM TEMPERATURE (F)   78        90      1949
 MINIMUM TEMPERATURE (F)   54        36      1949


SUNRISE AND SUNSET
APRIL 26 2015.........SUNRISE   629 AM CDT   SUNSET   750 PM CDT
APRIL 27 2015.........SUNRISE   628 AM CDT   SUNSET   751 PM CDT


-  INDICATES NEGATIVE NUMBERS.
R  INDICATES RECORD WAS SET OR TIED.
MM INDICATES DATA IS MISSING.
T  INDICATES TRACE AMOUNT.




$$
