000
CDUS44 KEPZ 270927
CLIELP


CLIMATE REPORT
NATIONAL WEATHER SERVICE EL PASO, TX
326 AM MDT MON APR 27 2015


...................................

...THE EL PASO CLIMATE SUMMARY FOR APRIL 26 2015...

CLIMATE NORMAL PERIOD 1981 TO 2010
CLIMATE RECORD PERIOD 1879 TO 2015


WEATHER ITEM   OBSERVED TIME   RECORD YEAR NORMAL DEPARTURE LAST
                VALUE   (LST)  VALUE       VALUE  FROM      YEAR
                                                  NORMAL
..................................................................
TEMPERATURE (F)
 YESTERDAY
  MAXIMUM         68   1239 AM  95    2012  82    -14       84
  MINIMUM         52   1002 AM  38    1997  54     -2       57
                                      1921
  AVERAGE         60                        68     -8       71

PRECIPITATION (IN)
  YESTERDAY        T             0.86 1941   0.01  -0.01     0.00
  MONTH TO DATE    0.24                      0.20   0.04     0.45
  SINCE MAR 1      0.85                      0.46   0.39     0.63
  SINCE JAN 1      1.73                      1.32   0.41     0.63

SNOWFALL (IN)
  YESTERDAY        0.0                                       0.0
  MONTH TO DATE    0.0                                       0.0
  SINCE MAR 1      0.0                                       0.0
  SINCE JUL 1      T                                          T
  SNOW DEPTH       0

DEGREE DAYS
 HEATING
  YESTERDAY        5                         2      3        0
  MONTH TO DATE   36                        88    -52       49
  SINCE MAR 1    224                       358   -134      226
  SINCE JUL 1   2047                      2461   -414     2014

 COOLING
  YESTERDAY        0                         4     -4        6
  MONTH TO DATE   92                        62     30       96
  SINCE MAR 1    125                        72     53      114
  SINCE JAN 1    126                        72     54      121
..................................................................


WIND (MPH)
  HIGHEST WIND SPEED    41   HIGHEST WIND DIRECTION     W (270)
  HIGHEST GUST SPEED    51   HIGHEST GUST DIRECTION     W (280)
  AVERAGE WIND SPEED    20.4


SKY COVER
  POSSIBLE SUNSHINE  MM
  AVERAGE SKY COVER 0.6


WEATHER CONDITIONS
 THE FOLLOWING WEATHER WAS RECORDED YESTERDAY.
  LIGHT RAIN
  HAZE


RELATIVE HUMIDITY (PERCENT)
 HIGHEST    54          1000 AM
 LOWEST     18          1200 AM
 AVERAGE    36

..........................................................


THE EL PASO CLIMATE NORMALS FOR TODAY
                         NORMAL    RECORD    YEAR
 MAXIMUM TEMPERATURE (F)   82        96      1996
 MINIMUM TEMPERATURE (F)   54        35      1984


SUNRISE AND SUNSET
APRIL 27 2015.........SUNRISE   624 AM MDT   SUNSET   743 PM MDT
APRIL 28 2015.........SUNRISE   623 AM MDT   SUNSET   744 PM MDT


-  INDICATES NEGATIVE NUMBERS.
R  INDICATES RECORD WAS SET OR TIED.
MM INDICATES DATA IS MISSING.
T  INDICATES TRACE AMOUNT.




$$
