000
CDUS42 KMHX 060526
CLIEWN


CLIMATE REPORT
NATIONAL WEATHER SERVICE NEWPORT/MOREHEAD CITY NC
126 AM EDT WED MAY 6 2015


...................................

...THE NEW BERN NC CLIMATE SUMMARY FOR MAY 5 2015...

CLIMATE NORMAL PERIOD 1981 TO 2010
CLIMATE RECORD PERIOD 1948 TO 2015


WEATHER ITEM   OBSERVED TIME   RECORD YEAR NORMAL DEPARTURE LAST
                VALUE   (LST)  VALUE       VALUE  FROM      YEAR
                                                  NORMAL
..................................................................
TEMPERATURE (F)
 YESTERDAY
  MAXIMUM         82    218 PM  91    2012  78      4       77
                                      1952
  MINIMUM         49    518 AM  39    1966  55     -6       59
  AVERAGE         66                        67     -1       68

PRECIPITATION (IN)
  YESTERDAY        0.00          2.63 2009   0.12  -0.12     0.00
  MONTH TO DATE    0.32                      0.57  -0.25     0.02
  SINCE MAR 1      5.94                      8.13  -2.19     9.45
  SINCE JAN 1     14.31                     15.81  -1.50    15.98

SNOWFALL (IN)
  YESTERDAY        0.0
  MONTH TO DATE    0.0
  SINCE NOV 1      3.0
  SINCE JUL 1      3.0
  SNOW DEPTH       0

DEGREE DAYS
 HEATING
  YESTERDAY        0                         2     -2        0
  MONTH TO DATE   15                        11      4        0
  SINCE MAR 1    472                       532    -60      558
  SINCE JUL 1   2715                      2678     37     2632

 COOLING
  YESTERDAY        1                         4     -3        3
  MONTH TO DATE    3                        17    -14       25
  SINCE MAR 1     91                        84      7      105
  SINCE JAN 1     98                        87     11      110
..................................................................


WIND (MPH)
  HIGHEST WIND SPEED    16   HIGHEST WIND DIRECTION     S (170)
  HIGHEST GUST SPEED    23   HIGHEST GUST DIRECTION     S (170)
  AVERAGE WIND SPEED     3.5


SKY COVER
  POSSIBLE SUNSHINE  MM
  AVERAGE SKY COVER 0.0


WEATHER CONDITIONS
 THE FOLLOWING WEATHER WAS RECORDED YESTERDAY.
  FOG


RELATIVE HUMIDITY (PERCENT)
 HIGHEST    93           100 AM
 LOWEST     30           100 PM
 AVERAGE    62

..........................................................


THE NEW BERN NC CLIMATE NORMALS FOR TODAY
                         NORMAL    RECORD    YEAR
 MAXIMUM TEMPERATURE (F)   78        95      1952
 MINIMUM TEMPERATURE (F)   56        44      2011
                                             1973


SUNRISE AND SUNSET
MAY  6 2015...........SUNRISE   612 AM EDT   SUNSET   758 PM EDT
MAY  7 2015...........SUNRISE   611 AM EDT   SUNSET   758 PM EDT


-  INDICATES NEGATIVE NUMBERS.
R  INDICATES RECORD WAS SET OR TIED.
MM INDICATES DATA IS MISSING.
T  INDICATES TRACE AMOUNT.




$$
