000
CDUS46 KHNX 060021
CLIFAT


CLIMATE REPORT
NATIONAL WEATHER SERVICE SAN JOAQUIN VALLEY, CA
521 PM PDT TUE MAY 5 2015


...................................

...THE FRESNO CA CLIMATE SUMMARY FOR MAY 5 2015...
VALID AS OF 0500 PM LOCAL TIME.

CLIMATE NORMAL PERIOD 1981 TO 2010
CLIMATE RECORD PERIOD 1887 TO 2015


WEATHER ITEM   OBSERVED TIME   RECORD YEAR NORMAL DEPARTURE LAST
                VALUE   (LST)  VALUE       VALUE  FROM      YEAR
                                                  NORMAL
..................................................................
TEMPERATURE (F)
 TODAY
  MAXIMUM         82    334 PM  99    1990  81      1       76
  MINIMUM         53    547 AM  36    1975  54     -1       55
  AVERAGE         68                        68      0       66

PRECIPITATION (IN)
  TODAY            0.00          1.02 2005   0.01  -0.01      T
  MONTH TO DATE    0.00                      0.10  -0.10      T
  SINCE OCT 1      5.84                     10.77  -4.93     4.76
  SINCE JAN 1      2.65                      7.30  -4.65     4.04

SNOWFALL (IN)
  TODAY            0.0
  MONTH TO DATE    0.0
  SINCE MAR 1      0.0
  SINCE JUL 1      0.0
  SNOW DEPTH       0

DEGREE DAYS
 HEATING
  TODAY            0                         2     -2        0
  MONTH TO DATE    0                        10    -10        0
  SINCE MAR 1    168                       411   -243      156
  SINCE JUL 1   1494                      2323   -829     1501

 COOLING
  TODAY            3                         4     -1        1
  MONTH TO DATE   36                        18     18       45
  SINCE MAR 1    164                        69     95      189
  SINCE JAN 1    164                        69     95      189
..................................................................


WIND (MPH)
  HIGHEST WIND SPEED    15   HIGHEST WIND DIRECTION     W (280)
  HIGHEST GUST SPEED    17   HIGHEST GUST DIRECTION     W (290)
  AVERAGE WIND SPEED     6.1




RELATIVE HUMIDITY (PERCENT)
 HIGHEST    77
 LOWEST     18
 AVERAGE    48

..........................................................


THE FRESNO CA CLIMATE NORMALS FOR TOMORROW
                         NORMAL    RECORD    YEAR
 MAXIMUM TEMPERATURE (F)   81       100      1987
 MINIMUM TEMPERATURE (F)   54        41      1975
                                             1968
                                             1965


SUNRISE AND SUNSET
MAY  5 2015...........SUNRISE   601 AM PDT   SUNSET   751 PM PDT
MAY  6 2015...........SUNRISE   600 AM PDT   SUNSET   752 PM PDT


-  INDICATES NEGATIVE NUMBERS.
R  INDICATES RECORD WAS SET OR TIED.
MM INDICATES DATA IS MISSING.
T  INDICATES TRACE AMOUNT.




$$
