000
CDUS43 KFGF 062147
CLIFGF


CLIMATE REPORT
NATIONAL WEATHER SERVICE EASTERN NORTH DAKOTA/GRAND FORKS
447 PM CDT WED MAY 6 2015


...................................

...THE GRAND FORKS UNIV. (NWS) ND CLIMATE SUMMARY FOR MAY 6 2015...
VALID TODAY AS OF 0400 PM LOCAL TIME.

CLIMATE NORMAL PERIOD 1981 TO 2010
CLIMATE RECORD PERIOD 1890 TO 2015


WEATHER ITEM   OBSERVED TIME   RECORD YEAR NORMAL DEPARTURE LAST
                VALUE   (LST)  VALUE       VALUE  FROM      YEAR
                                                  NORMAL
..................................................................
TEMPERATURE (F)
 TODAY
  MAXIMUM         63        MM  86    1992  65     -2       58
  MINIMUM         59        MM  19    1976  40     19       42
  AVERAGE         61                        52      9       50

PRECIPITATION (IN)
  TODAY            0.12          1.96 2001   0.07   0.05     0.18
  MONTH TO DATE    0.16                      0.39  -0.23     0.40
  SINCE MAR 1      1.18                      2.39  -1.21     4.15
  SINCE JAN 1      1.71                      3.69  -1.98     4.88

SNOWFALL (IN)
  TODAY            0.0           3.0  1931   0.0    0.0      0.0
                                      1924
  MONTH TO DATE    0.0                       0.0    0.0      0.0
  SINCE MAR 1      3.0                       8.0   -5.0     14.6
  SINCE JUL 1     19.3                      43.3  -24.0     60.3
  SNOW DEPTH       0

DEGREE DAYS
 HEATING
  TODAY            4                        13     -9       15
  MONTH TO DATE   32                        83    -51      120
  SINCE MAR 1   1636                      1938   -302     2371
  SINCE JUL 1   8485                      8898   -413    10117

 COOLING
  TODAY            0                         1     -1        0
  MONTH TO DATE    2                         1      1        0
  SINCE MAR 1      2                         4     -2        0
  SINCE JAN 1      2                         4     -2        0
..................................................................


WIND (MPH)
  HIGHEST WIND SPEED    MM   HIGHEST WIND DIRECTION    MM
  HIGHEST GUST SPEED    MM   HIGHEST GUST DIRECTION    MM
  AVERAGE WIND SPEED    MM


SKY COVER
  POSSIBLE SUNSHINE  MM
  AVERAGE SKY COVER  MM


WEATHER CONDITIONS
 THE FOLLOWING WEATHER WAS RECORDED TODAY.
  NO SIGNIFICANT WEATHER WAS OBSERVED.


RELATIVE HUMIDITY (PERCENT)
 HIGHEST    MM
 LOWEST     MM
 AVERAGE    MM

..........................................................


THE GRAND FORKS UNIV. (NWS) ND CLIMATE NORMALS FOR TOMORROW
                         NORMAL    RECORD    YEAR
 MAXIMUM TEMPERATURE (F)   66        88      1953
                                             1928
 MINIMUM TEMPERATURE (F)   40        19      1976


SUNRISE AND SUNSET
MAY  6 2015...........SUNRISE   603 AM CDT   SUNSET   848 PM CDT
MAY  7 2015...........SUNRISE   601 AM CDT   SUNSET   849 PM CDT


-  INDICATES NEGATIVE NUMBERS.
R  INDICATES RECORD WAS SET OR TIED.
MM INDICATES DATA IS MISSING.
T  INDICATES TRACE AMOUNT.




$$
